{"id":172,"date":"2024-02-19T18:01:55","date_gmt":"2024-02-19T17:01:55","guid":{"rendered":"https:\/\/www.elprovencio.com\/turismo\/?page_id=172"},"modified":"2024-04-08T22:52:22","modified_gmt":"2024-04-08T20:52:22","slug":"bodega-campos-reales","status":"publish","type":"page","link":"https:\/\/www.elprovencio.com\/turismo\/bodega-campos-reales\/","title":{"rendered":"Bodega Campos Reales"},"content":{"rendered":"<h5><em>Pasado, presente y futuro<br \/>\n<\/em><\/h5>\n<hr align=\"left\" width=\"80px\" \/>\n<p><a href=\"https:\/\/www.facebook.com\/camposreales\" target=\"_blank\" rel=\"noopener\"><img data-recalc-dims=\"1\" loading=\"lazy\" decoding=\"async\" src=\"https:\/\/i0.wp.com\/www.elprovencio.com\/turismo\/wp-content\/uploads\/2024\/03\/facebook.png?resize=48%2C48&#038;ssl=1\" alt=\"Logo Facebook\" width=\"48\" height=\"48\" \/><\/a><a href=\"https:\/\/www.instagram.com\/camposrealesbodegas\/\" target=\"_blank\" rel=\"noopener\"><img data-recalc-dims=\"1\" loading=\"lazy\" decoding=\"async\" src=\"https:\/\/i0.wp.com\/www.elprovencio.com\/turismo\/wp-content\/uploads\/2024\/03\/instagram.png?resize=48%2C48&#038;ssl=1\" alt=\"\" width=\"48\" height=\"48\" \/><\/a><a href=\"https:\/\/twitter.com\/camposreales?lang=es\" target=\"_blank\" rel=\"noopener\"><img data-recalc-dims=\"1\" loading=\"lazy\" decoding=\"async\" src=\"https:\/\/i0.wp.com\/www.elprovencio.com\/turismo\/wp-content\/uploads\/2024\/03\/twitter.png?resize=48%2C48&#038;ssl=1\" alt=\"\" width=\"48\" height=\"48\" \/><\/a><\/p>\n<p class=\"page-header\">Bodegas Campos Reales fue <strong>fundada en 1950<\/strong> y cuenta con varias generaciones de viticultores entregados a la elaboraci\u00f3n de las mejores uvas. Su bodega cuenta hoy con <strong>instalaciones modernas<\/strong> que permiten elaborar vinos de gran calidad sin dejar de lado el respeto a la tradici\u00f3n.<\/p>\n<figure id=\"attachment_367\" aria-describedby=\"caption-attachment-367\" style=\"width: 1024px\" class=\"wp-caption alignnone\"><img data-recalc-dims=\"1\" loading=\"lazy\" decoding=\"async\" data-attachment-id=\"367\" data-permalink=\"https:\/\/www.elprovencio.com\/turismo\/bodega-campos-reales\/campos-reales4\/\" data-orig-file=\"https:\/\/i0.wp.com\/www.elprovencio.com\/turismo\/wp-content\/uploads\/2024\/03\/Campos-Reales4.jpg?fit=1024%2C683&amp;ssl=1\" data-orig-size=\"1024,683\" data-comments-opened=\"1\" data-image-meta=\"{&quot;aperture&quot;:&quot;0&quot;,&quot;credit&quot;:&quot;&quot;,&quot;camera&quot;:&quot;&quot;,&quot;caption&quot;:&quot;&quot;,&quot;created_timestamp&quot;:&quot;0&quot;,&quot;copyright&quot;:&quot;&quot;,&quot;focal_length&quot;:&quot;0&quot;,&quot;iso&quot;:&quot;0&quot;,&quot;shutter_speed&quot;:&quot;0&quot;,&quot;title&quot;:&quot;&quot;,&quot;orientation&quot;:&quot;0&quot;}\" data-image-title=\"Bodega Campos Reales\" data-image-description=\"&lt;p&gt;Bodega Campos Reales&lt;\/p&gt;\n\" data-image-caption=\"&lt;p&gt;Bodega Campos Reales&lt;\/p&gt;\n\" data-medium-file=\"https:\/\/i0.wp.com\/www.elprovencio.com\/turismo\/wp-content\/uploads\/2024\/03\/Campos-Reales4.jpg?fit=300%2C200&amp;ssl=1\" data-large-file=\"https:\/\/i0.wp.com\/www.elprovencio.com\/turismo\/wp-content\/uploads\/2024\/03\/Campos-Reales4.jpg?fit=1024%2C683&amp;ssl=1\" tabindex=\"0\" role=\"button\" class=\"wp-image-367 size-full\" src=\"https:\/\/i0.wp.com\/www.elprovencio.com\/turismo\/wp-content\/uploads\/2024\/03\/Campos-Reales4.jpg?resize=1024%2C683&#038;ssl=1\" alt=\"Bodega Campos Reales\" width=\"1024\" height=\"683\" \/><figcaption id=\"caption-attachment-367\" class=\"wp-caption-text\">Bodega Campos Reales<\/figcaption><\/figure>\n<p>Los vinos de Campos Reales han sabido ocupar un lugar destacado entre los vinos espa\u00f1oles y est\u00e1n presentes en mercados de todo el mundo, donde lidera en la producci\u00f3n de vinos de la categor\u00eda <strong>popular-premium<\/strong>. Est\u00e1n especializados en vinos de la variedad Tempranillo y han recibido diferentes premios como <strong>\u00abMejor Tinto Joven de Espa\u00f1a\u00bb<\/strong>\u00a0y <strong>\u00abBaco de Oro\u00bb<\/strong>.<\/p>\n<figure id=\"attachment_366\" aria-describedby=\"caption-attachment-366\" style=\"width: 1024px\" class=\"wp-caption alignnone\"><img data-recalc-dims=\"1\" loading=\"lazy\" decoding=\"async\" data-attachment-id=\"366\" data-permalink=\"https:\/\/www.elprovencio.com\/turismo\/bodega-campos-reales\/campos-reales2\/\" data-orig-file=\"https:\/\/i0.wp.com\/www.elprovencio.com\/turismo\/wp-content\/uploads\/2024\/03\/Campos-Reales2.jpg?fit=1024%2C683&amp;ssl=1\" data-orig-size=\"1024,683\" data-comments-opened=\"1\" data-image-meta=\"{&quot;aperture&quot;:&quot;0&quot;,&quot;credit&quot;:&quot;&quot;,&quot;camera&quot;:&quot;&quot;,&quot;caption&quot;:&quot;&quot;,&quot;created_timestamp&quot;:&quot;0&quot;,&quot;copyright&quot;:&quot;&quot;,&quot;focal_length&quot;:&quot;0&quot;,&quot;iso&quot;:&quot;0&quot;,&quot;shutter_speed&quot;:&quot;0&quot;,&quot;title&quot;:&quot;&quot;,&quot;orientation&quot;:&quot;0&quot;}\" data-image-title=\"Bodega Campos Reales\" data-image-description=\"&lt;p&gt;Bodega Campos Reales&lt;\/p&gt;\n\" data-image-caption=\"&lt;p&gt;Bodega Campos Reales&lt;\/p&gt;\n\" data-medium-file=\"https:\/\/i0.wp.com\/www.elprovencio.com\/turismo\/wp-content\/uploads\/2024\/03\/Campos-Reales2.jpg?fit=300%2C200&amp;ssl=1\" data-large-file=\"https:\/\/i0.wp.com\/www.elprovencio.com\/turismo\/wp-content\/uploads\/2024\/03\/Campos-Reales2.jpg?fit=1024%2C683&amp;ssl=1\" tabindex=\"0\" role=\"button\" class=\"wp-image-366 size-full\" src=\"https:\/\/i0.wp.com\/www.elprovencio.com\/turismo\/wp-content\/uploads\/2024\/03\/Campos-Reales2.jpg?resize=1024%2C683&#038;ssl=1\" alt=\"Bodega Campos Reales\" width=\"1024\" height=\"683\" \/><figcaption id=\"caption-attachment-366\" class=\"wp-caption-text\">Bodega Campos Reales<\/figcaption><\/figure>\n<p>Cuentan con 4.000 hect\u00e1reas de vi\u00f1edos entre las que se esconden grandes tesoros como las vi\u00f1as de pie franco de m\u00e1s de 70 a\u00f1os.<\/p>\n<p>Entre sus vi\u00f1as encontramos gran variedad de uvas como:<\/p>\n<ul>\n<li>Entre las tintas: Tempranillo, Garnacha,Tintorera, Cabernet, Syrah, Monastrell, Moravia, Merlot o Bobal.<\/li>\n<li>Entre las blancas: Air\u00e9n, Macabeo, Chardonna o Sauvignon Blanc<\/li>\n<\/ul>\n<p>Sin duda una de las bodegas m\u00e1s importantes de la DO La Mancha y que puedes visitar sus instalaciones y degustar sus vinos en su tienda.<\/p>\n<figure id=\"attachment_186\" aria-describedby=\"caption-attachment-186\" style=\"width: 1024px\" class=\"wp-caption alignnone\"><img data-recalc-dims=\"1\" loading=\"lazy\" decoding=\"async\" data-attachment-id=\"186\" data-permalink=\"https:\/\/www.elprovencio.com\/turismo\/bodegas-esnac\/bodega-campos-reales2\/\" data-orig-file=\"https:\/\/i0.wp.com\/www.elprovencio.com\/turismo\/wp-content\/uploads\/2024\/02\/Bodega-Campos-Reales2.jpg?fit=1024%2C683&amp;ssl=1\" data-orig-size=\"1024,683\" data-comments-opened=\"1\" data-image-meta=\"{&quot;aperture&quot;:&quot;0&quot;,&quot;credit&quot;:&quot;&quot;,&quot;camera&quot;:&quot;&quot;,&quot;caption&quot;:&quot;&quot;,&quot;created_timestamp&quot;:&quot;0&quot;,&quot;copyright&quot;:&quot;&quot;,&quot;focal_length&quot;:&quot;0&quot;,&quot;iso&quot;:&quot;0&quot;,&quot;shutter_speed&quot;:&quot;0&quot;,&quot;title&quot;:&quot;&quot;,&quot;orientation&quot;:&quot;0&quot;}\" data-image-title=\"Bodega Campos Reales\" data-image-description=\"&lt;p&gt;Bodega Campos Reales&lt;\/p&gt;\n\" data-image-caption=\"&lt;p&gt;Bodega Campos Reales&lt;\/p&gt;\n\" data-medium-file=\"https:\/\/i0.wp.com\/www.elprovencio.com\/turismo\/wp-content\/uploads\/2024\/02\/Bodega-Campos-Reales2.jpg?fit=300%2C200&amp;ssl=1\" data-large-file=\"https:\/\/i0.wp.com\/www.elprovencio.com\/turismo\/wp-content\/uploads\/2024\/02\/Bodega-Campos-Reales2.jpg?fit=1024%2C683&amp;ssl=1\" tabindex=\"0\" role=\"button\" class=\"wp-image-186 size-full\" src=\"https:\/\/i0.wp.com\/www.elprovencio.com\/turismo\/wp-content\/uploads\/2024\/02\/Bodega-Campos-Reales2.jpg?resize=1024%2C683&#038;ssl=1\" alt=\"Bodega Campos Reales\" width=\"1024\" height=\"683\" \/><figcaption id=\"caption-attachment-186\" class=\"wp-caption-text\">Bodega Campos Reales<\/figcaption><\/figure>\n<h3>M\u00e1s informaci\u00f3n y reservas<\/h3>\n<ul>\n<li><strong>Direcci\u00f3n:<\/strong> Calle Castilla la Mancha, 4<\/li>\n<li><strong>Web:<\/strong> <a href=\"https:\/\/www.bodegascamposreales.com\" target=\"_blank\" rel=\"nofollow noopener\">https:\/\/www.bodegascamposreales.com<\/a><\/li>\n<li><strong>Tel\u00e9fono:<\/strong> 967 16 60 66<\/li>\n<li><strong>Correo:<\/strong> info@bodegascamposreales.com<\/li>\n<\/ul>\n","protected":false},"excerpt":{"rendered":"<div class=\"mh-excerpt\"><p>Pasado, presente y futuro Bodegas Campos Reales fue fundada en 1950 y cuenta con varias generaciones de viticultores entregados a la elaboraci\u00f3n de las mejores <a class=\"mh-excerpt-more\" href=\"https:\/\/www.elprovencio.com\/turismo\/bodega-campos-reales\/\" title=\"Bodega Campos Reales\">[&#8230;]<\/a><\/p>\n<\/div>","protected":false},"author":1,"featured_media":174,"parent":0,"menu_order":0,"comment_status":"closed","ping_status":"closed","template":"template-full.php","meta":{"footnotes":""},"class_list":["post-172","page","type-page","status-publish","has-post-thumbnail","hentry"],"aioseo_notices":[],"jetpack_sharing_enabled":true,"rttpg_featured_image_url":{"full":["https:\/\/i0.wp.com\/www.elprovencio.com\/turismo\/wp-content\/uploads\/2024\/02\/Bodegas-Campos-Reales.jpg?fit=1024%2C683&ssl=1",1024,683,false],"landscape":["https:\/\/www.elprovencio.com\/turismo\/wp-content\/uploads\/2024\/02\/Bodegas-Campos-Reales.jpg",1024,683,false],"portraits":["https:\/\/www.elprovencio.com\/turismo\/wp-content\/uploads\/2024\/02\/Bodegas-Campos-Reales.jpg",1024,683,false],"thumbnail":["https:\/\/i0.wp.com\/www.elprovencio.com\/turismo\/wp-content\/uploads\/2024\/02\/Bodegas-Campos-Reales.jpg?resize=150%2C150&ssl=1",150,150,true],"medium":["https:\/\/i0.wp.com\/www.elprovencio.com\/turismo\/wp-content\/uploads\/2024\/02\/Bodegas-Campos-Reales.jpg?fit=300%2C200&ssl=1",300,200,true],"large":["https:\/\/i0.wp.com\/www.elprovencio.com\/turismo\/wp-content\/uploads\/2024\/02\/Bodegas-Campos-Reales.jpg?fit=1024%2C683&ssl=1",1024,683,true],"1536x1536":["https:\/\/i0.wp.com\/www.elprovencio.com\/turismo\/wp-content\/uploads\/2024\/02\/Bodegas-Campos-Reales.jpg?fit=1024%2C683&ssl=1",1024,683,true],"2048x2048":["https:\/\/i0.wp.com\/www.elprovencio.com\/turismo\/wp-content\/uploads\/2024\/02\/Bodegas-Campos-Reales.jpg?fit=1024%2C683&ssl=1",1024,683,true],"mh-magazine-lite-slider":["https:\/\/i0.wp.com\/www.elprovencio.com\/turismo\/wp-content\/uploads\/2024\/02\/Bodegas-Campos-Reales.jpg?resize=1024%2C438&ssl=1",1024,438,true],"mh-magazine-lite-content":["https:\/\/i0.wp.com\/www.elprovencio.com\/turismo\/wp-content\/uploads\/2024\/02\/Bodegas-Campos-Reales.jpg?resize=678%2C381&ssl=1",678,381,true],"mh-magazine-lite-large":["https:\/\/i0.wp.com\/www.elprovencio.com\/turismo\/wp-content\/uploads\/2024\/02\/Bodegas-Campos-Reales.jpg?resize=678%2C509&ssl=1",678,509,true],"mh-magazine-lite-medium":["https:\/\/i0.wp.com\/www.elprovencio.com\/turismo\/wp-content\/uploads\/2024\/02\/Bodegas-Campos-Reales.jpg?resize=326%2C245&ssl=1",326,245,true],"mh-magazine-lite-small":["https:\/\/i0.wp.com\/www.elprovencio.com\/turismo\/wp-content\/uploads\/2024\/02\/Bodegas-Campos-Reales.jpg?resize=80%2C60&ssl=1",80,60,true]},"rttpg_author":{"display_name":"Triguero","author_link":"https:\/\/www.elprovencio.com\/turismo\/author\/triguero\/"},"rttpg_comment":0,"rttpg_category":null,"rttpg_excerpt":"Pasado, presente y futuro Bodegas Campos Reales fue fundada en 1950 y cuenta con varias generaciones de viticultores entregados a la elaboraci\u00f3n de las mejores [...]","_links":{"self":[{"href":"https:\/\/www.elprovencio.com\/turismo\/wp-json\/wp\/v2\/pages\/172","targetHints":{"allow":["GET"]}}],"collection":[{"href":"https:\/\/www.elprovencio.com\/turismo\/wp-json\/wp\/v2\/pages"}],"about":[{"href":"https:\/\/www.elprovencio.com\/turismo\/wp-json\/wp\/v2\/types\/page"}],"author":[{"embeddable":true,"href":"https:\/\/www.elprovencio.com\/turismo\/wp-json\/wp\/v2\/users\/1"}],"replies":[{"embeddable":true,"href":"https:\/\/www.elprovencio.com\/turismo\/wp-json\/wp\/v2\/comments?post=172"}],"version-history":[{"count":6,"href":"https:\/\/www.elprovencio.com\/turismo\/wp-json\/wp\/v2\/pages\/172\/revisions"}],"predecessor-version":[{"id":657,"href":"https:\/\/www.elprovencio.com\/turismo\/wp-json\/wp\/v2\/pages\/172\/revisions\/657"}],"wp:featuredmedia":[{"embeddable":true,"href":"https:\/\/www.elprovencio.com\/turismo\/wp-json\/wp\/v2\/media\/174"}],"wp:attachment":[{"href":"https:\/\/www.elprovencio.com\/turismo\/wp-json\/wp\/v2\/media?parent=172"}],"curies":[{"name":"wp","href":"https:\/\/api.w.org\/{rel}","templated":true}]}}