{"id":190,"date":"2024-02-19T19:21:49","date_gmt":"2024-02-19T18:21:49","guid":{"rendered":"https:\/\/www.elprovencio.com\/turismo\/?page_id=190"},"modified":"2024-04-08T22:57:26","modified_gmt":"2024-04-08T20:57:26","slug":"pago-de-la-jaraba","status":"publish","type":"page","link":"https:\/\/www.elprovencio.com\/turismo\/pago-de-la-jaraba\/","title":{"rendered":"Pago de la Jaraba"},"content":{"rendered":"<h5><em>Tres espacios en uno<\/em><\/h5>\n<hr align=\"left\" width=\"80px\" \/>\n<p><a href=\"https:\/\/www.facebook.com\/fincalajaraba\/\" target=\"_blank\" rel=\"noopener\"><img data-recalc-dims=\"1\" loading=\"lazy\" decoding=\"async\" src=\"https:\/\/i0.wp.com\/www.elprovencio.com\/turismo\/wp-content\/uploads\/2024\/03\/facebook.png?resize=48%2C48&#038;ssl=1\" alt=\"Logo Facebook\" width=\"48\" height=\"48\" \/><\/a><a href=\"https:\/\/www.instagram.com\/fincalajaraba\/\" target=\"_blank\" rel=\"noopener\"><img data-recalc-dims=\"1\" loading=\"lazy\" decoding=\"async\" src=\"https:\/\/i0.wp.com\/www.elprovencio.com\/turismo\/wp-content\/uploads\/2024\/03\/instagram.png?resize=48%2C48&#038;ssl=1\" alt=\"\" width=\"48\" height=\"48\" \/><\/a><\/p>\n<p><em><strong>La Jaraba<\/strong><\/em> se encuentra sobre el paraje hist\u00f3rico del mismo nombre, entre los t\u00e9rminos de Villarrobledo y El Provencio, en pleno coraz\u00f3n de <em>La Mancha<\/em>.<\/p>\n<p>Hist\u00f3ricos hallazgos de asentamientos de la \u00e9poca del Paleol\u00edtico han demostrado las bondades de esta tierra para la agricultura y ganader\u00eda. Iberos, Romanos, Visigodos y \u00c1rabes encontraron aqu\u00ed un enclave \u00fanico para establecer sus campamentos.<\/p>\n<figure id=\"attachment_191\" aria-describedby=\"caption-attachment-191\" style=\"width: 1024px\" class=\"wp-caption alignnone\"><img data-recalc-dims=\"1\" loading=\"lazy\" decoding=\"async\" data-attachment-id=\"191\" data-permalink=\"https:\/\/www.elprovencio.com\/turismo\/pago-de-la-jaraba\/pago-jaraba\/\" data-orig-file=\"https:\/\/i0.wp.com\/www.elprovencio.com\/turismo\/wp-content\/uploads\/2024\/02\/Pago-Jaraba-e1708373619656.jpg?fit=1024%2C563&amp;ssl=1\" data-orig-size=\"1024,563\" data-comments-opened=\"1\" data-image-meta=\"{&quot;aperture&quot;:&quot;0&quot;,&quot;credit&quot;:&quot;&quot;,&quot;camera&quot;:&quot;&quot;,&quot;caption&quot;:&quot;&quot;,&quot;created_timestamp&quot;:&quot;0&quot;,&quot;copyright&quot;:&quot;&quot;,&quot;focal_length&quot;:&quot;0&quot;,&quot;iso&quot;:&quot;0&quot;,&quot;shutter_speed&quot;:&quot;0&quot;,&quot;title&quot;:&quot;&quot;,&quot;orientation&quot;:&quot;0&quot;}\" data-image-title=\"Pago de la Jaraba\" data-image-description=\"&lt;p&gt;Pago de la Jaraba&lt;\/p&gt;\n\" data-image-caption=\"&lt;p&gt;Pago de la Jaraba&lt;\/p&gt;\n\" data-medium-file=\"https:\/\/i0.wp.com\/www.elprovencio.com\/turismo\/wp-content\/uploads\/2024\/02\/Pago-Jaraba-e1708373619656.jpg?fit=300%2C165&amp;ssl=1\" data-large-file=\"https:\/\/i0.wp.com\/www.elprovencio.com\/turismo\/wp-content\/uploads\/2024\/02\/Pago-Jaraba-e1708373619656.jpg?fit=1024%2C563&amp;ssl=1\" tabindex=\"0\" role=\"button\" class=\"wp-image-191 size-full\" src=\"https:\/\/i0.wp.com\/www.elprovencio.com\/turismo\/wp-content\/uploads\/2024\/02\/Pago-Jaraba.jpg?resize=1024%2C683&#038;ssl=1\" alt=\"Pago de la Jaraba\" width=\"1024\" height=\"683\" \/><figcaption id=\"caption-attachment-191\" class=\"wp-caption-text\">Pago de la Jaraba<\/figcaption><\/figure>\n<p><em><strong>La Jaraba<\/strong><\/em> recibe su nombre de los \u00e1rabes que la definieron como:<em> \u201ctierra abundante en agua\u201d<\/em>.<\/p>\n<div class=\"wpb_text_column wpb_content_element \">\n<div class=\"wpb_wrapper\">\n<p>Ya en los albores del siglo XXI, la finca cambia de propietario, el cual revoluciona el sistema productivo y, concretamente, recupera y mejora la <em>vi\u00f1a, olivar y explotaci\u00f3n ganadera<\/em>, construyendo adem\u00e1s una <em>bodega, queser\u00eda y almazara<\/em>. Convirtiendo <strong><em>Pago de La Jaraba<\/em><\/strong> en una explotaci\u00f3n agroalimentaria integral y sostenible, con el claro objetivo de engrandecer la calidad de los productos por los que anta\u00f1o era reconocida la finca.<\/p>\n<figure id=\"attachment_644\" aria-describedby=\"caption-attachment-644\" style=\"width: 1024px\" class=\"wp-caption alignnone\"><img data-recalc-dims=\"1\" loading=\"lazy\" decoding=\"async\" data-attachment-id=\"644\" data-permalink=\"https:\/\/www.elprovencio.com\/turismo\/pago-de-la-jaraba\/pago-jaraba-2\/\" data-orig-file=\"https:\/\/i0.wp.com\/www.elprovencio.com\/turismo\/wp-content\/uploads\/2024\/04\/Pago-Jaraba.jpg?fit=1024%2C768&amp;ssl=1\" data-orig-size=\"1024,768\" data-comments-opened=\"1\" data-image-meta=\"{&quot;aperture&quot;:&quot;0&quot;,&quot;credit&quot;:&quot;&quot;,&quot;camera&quot;:&quot;&quot;,&quot;caption&quot;:&quot;&quot;,&quot;created_timestamp&quot;:&quot;0&quot;,&quot;copyright&quot;:&quot;&quot;,&quot;focal_length&quot;:&quot;0&quot;,&quot;iso&quot;:&quot;0&quot;,&quot;shutter_speed&quot;:&quot;0&quot;,&quot;title&quot;:&quot;&quot;,&quot;orientation&quot;:&quot;0&quot;}\" data-image-title=\"Pago de la Jaraba\" data-image-description=\"&lt;p&gt;Pago de la Jaraba&lt;\/p&gt;\n\" data-image-caption=\"&lt;p&gt;Pago de la Jaraba&lt;\/p&gt;\n\" data-medium-file=\"https:\/\/i0.wp.com\/www.elprovencio.com\/turismo\/wp-content\/uploads\/2024\/04\/Pago-Jaraba.jpg?fit=300%2C225&amp;ssl=1\" data-large-file=\"https:\/\/i0.wp.com\/www.elprovencio.com\/turismo\/wp-content\/uploads\/2024\/04\/Pago-Jaraba.jpg?fit=1024%2C768&amp;ssl=1\" tabindex=\"0\" role=\"button\" class=\"wp-image-644 size-full\" src=\"https:\/\/i0.wp.com\/www.elprovencio.com\/turismo\/wp-content\/uploads\/2024\/04\/Pago-Jaraba.jpg?resize=1024%2C768&#038;ssl=1\" alt=\"Pago de la Jaraba\" width=\"1024\" height=\"768\" \/><figcaption id=\"caption-attachment-644\" class=\"wp-caption-text\">Pago de la Jaraba<\/figcaption><\/figure>\n<p>Fruto de dicha labor, la Uni\u00f3n Europea reconoce <strong><em>La Jaraba<\/em><\/strong> como zona protegida, otorg\u00e1ndole la <strong>\u00abD.O. Pago\u00bb<\/strong>, que es el mayor reconocimiento de calidad de un vino en Espa\u00f1a, reflejo de la diferenciaci\u00f3n del vi\u00f1edo y merecedor de su propia <em><strong>Denomincaci\u00f3n de Origen: \u00abLa Jaraba D.O.P.\u00bb<\/strong><\/em>.<\/p>\n<figure id=\"attachment_193\" aria-describedby=\"caption-attachment-193\" style=\"width: 1024px\" class=\"wp-caption alignnone\"><img data-recalc-dims=\"1\" loading=\"lazy\" decoding=\"async\" data-attachment-id=\"193\" data-permalink=\"https:\/\/www.elprovencio.com\/turismo\/pago-de-la-jaraba\/pago-jaraba3\/\" data-orig-file=\"https:\/\/i0.wp.com\/www.elprovencio.com\/turismo\/wp-content\/uploads\/2024\/02\/Pago-Jaraba3.jpg?fit=1024%2C683&amp;ssl=1\" data-orig-size=\"1024,683\" data-comments-opened=\"1\" data-image-meta=\"{&quot;aperture&quot;:&quot;0&quot;,&quot;credit&quot;:&quot;&quot;,&quot;camera&quot;:&quot;&quot;,&quot;caption&quot;:&quot;&quot;,&quot;created_timestamp&quot;:&quot;0&quot;,&quot;copyright&quot;:&quot;&quot;,&quot;focal_length&quot;:&quot;0&quot;,&quot;iso&quot;:&quot;0&quot;,&quot;shutter_speed&quot;:&quot;0&quot;,&quot;title&quot;:&quot;&quot;,&quot;orientation&quot;:&quot;0&quot;}\" data-image-title=\"Pago de la Jaraba\" data-image-description=\"&lt;p&gt;Pago de la Jaraba&lt;\/p&gt;\n\" data-image-caption=\"&lt;p&gt;Pago de la Jaraba&lt;\/p&gt;\n\" data-medium-file=\"https:\/\/i0.wp.com\/www.elprovencio.com\/turismo\/wp-content\/uploads\/2024\/02\/Pago-Jaraba3.jpg?fit=300%2C200&amp;ssl=1\" data-large-file=\"https:\/\/i0.wp.com\/www.elprovencio.com\/turismo\/wp-content\/uploads\/2024\/02\/Pago-Jaraba3.jpg?fit=1024%2C683&amp;ssl=1\" tabindex=\"0\" role=\"button\" class=\"wp-image-193 size-full\" src=\"https:\/\/i0.wp.com\/www.elprovencio.com\/turismo\/wp-content\/uploads\/2024\/02\/Pago-Jaraba3.jpg?resize=1024%2C683&#038;ssl=1\" alt=\"Pago de la Jaraba\" width=\"1024\" height=\"683\" \/><figcaption id=\"caption-attachment-193\" class=\"wp-caption-text\">Pago de la Jaraba<\/figcaption><\/figure>\n<p>Estamos tan orgullosos de nuestros productos que todos ellos, <em>Vino, Queso Manchego Artesano y Aceite de Oliva Virgen Extra<\/em> son comercializados exclusivamente bajo nuestras propias marcas: <i><b>Pago de La Jaraba, <\/b><\/i><i><b>La Jaraba, Vi\u00f1a Jaraba y Azagador.<\/b><\/i><\/p>\n<h3>M\u00e1s informaci\u00f3n y reservas<\/h3>\n<\/div>\n<\/div>\n<ul>\n<li><strong>Direcci\u00f3n:<\/strong> <span class=\"x193iq5w xeuugli x13faqbe x1vvkbs x1xmvt09 x1lliihq x1s928wv xhkezso x1gmr53x x1cpjm7i x1fgarty x1943h6x xudqn12 x3x7a5m x6prxxf xvq8zen xo1l8bm xzsf02u\" dir=\"auto\">Crta. Nacional 310, km. 142,7<\/span><\/li>\n<li><strong>Web:<\/strong> <a href=\"https:\/\/www.lajaraba.com\" target=\"_blank\" rel=\"nofollow noopener\">https:\/\/www.lajaraba.com<\/a><\/li>\n<li><strong>Tel\u00e9fono:<\/strong> 967 13 82 50<\/li>\n<li><strong>Web:<\/strong> info@lajaraba.com<\/li>\n<\/ul>\n","protected":false},"excerpt":{"rendered":"<div class=\"mh-excerpt\"><p>Tres espacios en uno La Jaraba se encuentra sobre el paraje hist\u00f3rico del mismo nombre, entre los t\u00e9rminos de Villarrobledo y El Provencio, en pleno <a class=\"mh-excerpt-more\" href=\"https:\/\/www.elprovencio.com\/turismo\/pago-de-la-jaraba\/\" title=\"Pago de la Jaraba\">[&#8230;]<\/a><\/p>\n<\/div>","protected":false},"author":1,"featured_media":192,"parent":0,"menu_order":0,"comment_status":"closed","ping_status":"closed","template":"template-full.php","meta":{"footnotes":""},"class_list":["post-190","page","type-page","status-publish","has-post-thumbnail","hentry"],"aioseo_notices":[],"jetpack_sharing_enabled":true,"rttpg_featured_image_url":{"full":["https:\/\/i0.wp.com\/www.elprovencio.com\/turismo\/wp-content\/uploads\/2024\/02\/Pago-Jaraba2.jpg?fit=1024%2C683&ssl=1",1024,683,false],"landscape":["https:\/\/www.elprovencio.com\/turismo\/wp-content\/uploads\/2024\/02\/Pago-Jaraba2.jpg",1024,683,false],"portraits":["https:\/\/www.elprovencio.com\/turismo\/wp-content\/uploads\/2024\/02\/Pago-Jaraba2.jpg",1024,683,false],"thumbnail":["https:\/\/i0.wp.com\/www.elprovencio.com\/turismo\/wp-content\/uploads\/2024\/02\/Pago-Jaraba2.jpg?resize=150%2C150&ssl=1",150,150,true],"medium":["https:\/\/i0.wp.com\/www.elprovencio.com\/turismo\/wp-content\/uploads\/2024\/02\/Pago-Jaraba2.jpg?fit=300%2C200&ssl=1",300,200,true],"large":["https:\/\/i0.wp.com\/www.elprovencio.com\/turismo\/wp-content\/uploads\/2024\/02\/Pago-Jaraba2.jpg?fit=1024%2C683&ssl=1",1024,683,true],"1536x1536":["https:\/\/i0.wp.com\/www.elprovencio.com\/turismo\/wp-content\/uploads\/2024\/02\/Pago-Jaraba2.jpg?fit=1024%2C683&ssl=1",1024,683,true],"2048x2048":["https:\/\/i0.wp.com\/www.elprovencio.com\/turismo\/wp-content\/uploads\/2024\/02\/Pago-Jaraba2.jpg?fit=1024%2C683&ssl=1",1024,683,true],"mh-magazine-lite-slider":["https:\/\/i0.wp.com\/www.elprovencio.com\/turismo\/wp-content\/uploads\/2024\/02\/Pago-Jaraba2.jpg?resize=1024%2C438&ssl=1",1024,438,true],"mh-magazine-lite-content":["https:\/\/i0.wp.com\/www.elprovencio.com\/turismo\/wp-content\/uploads\/2024\/02\/Pago-Jaraba2.jpg?resize=678%2C381&ssl=1",678,381,true],"mh-magazine-lite-large":["https:\/\/i0.wp.com\/www.elprovencio.com\/turismo\/wp-content\/uploads\/2024\/02\/Pago-Jaraba2.jpg?resize=678%2C509&ssl=1",678,509,true],"mh-magazine-lite-medium":["https:\/\/i0.wp.com\/www.elprovencio.com\/turismo\/wp-content\/uploads\/2024\/02\/Pago-Jaraba2.jpg?resize=326%2C245&ssl=1",326,245,true],"mh-magazine-lite-small":["https:\/\/i0.wp.com\/www.elprovencio.com\/turismo\/wp-content\/uploads\/2024\/02\/Pago-Jaraba2.jpg?resize=80%2C60&ssl=1",80,60,true]},"rttpg_author":{"display_name":"Triguero","author_link":"https:\/\/www.elprovencio.com\/turismo\/author\/triguero\/"},"rttpg_comment":0,"rttpg_category":null,"rttpg_excerpt":"Tres espacios en uno La Jaraba se encuentra sobre el paraje hist\u00f3rico del mismo nombre, entre los t\u00e9rminos de Villarrobledo y El Provencio, en pleno [...]","_links":{"self":[{"href":"https:\/\/www.elprovencio.com\/turismo\/wp-json\/wp\/v2\/pages\/190","targetHints":{"allow":["GET"]}}],"collection":[{"href":"https:\/\/www.elprovencio.com\/turismo\/wp-json\/wp\/v2\/pages"}],"about":[{"href":"https:\/\/www.elprovencio.com\/turismo\/wp-json\/wp\/v2\/types\/page"}],"author":[{"embeddable":true,"href":"https:\/\/www.elprovencio.com\/turismo\/wp-json\/wp\/v2\/users\/1"}],"replies":[{"embeddable":true,"href":"https:\/\/www.elprovencio.com\/turismo\/wp-json\/wp\/v2\/comments?post=190"}],"version-history":[{"count":6,"href":"https:\/\/www.elprovencio.com\/turismo\/wp-json\/wp\/v2\/pages\/190\/revisions"}],"predecessor-version":[{"id":661,"href":"https:\/\/www.elprovencio.com\/turismo\/wp-json\/wp\/v2\/pages\/190\/revisions\/661"}],"wp:featuredmedia":[{"embeddable":true,"href":"https:\/\/www.elprovencio.com\/turismo\/wp-json\/wp\/v2\/media\/192"}],"wp:attachment":[{"href":"https:\/\/www.elprovencio.com\/turismo\/wp-json\/wp\/v2\/media?parent=190"}],"curies":[{"name":"wp","href":"https:\/\/api.w.org\/{rel}","templated":true}]}}