{"id":28,"date":"2024-02-19T11:31:51","date_gmt":"2024-02-19T10:31:51","guid":{"rendered":"https:\/\/www.elprovencio.com\/turismo\/?page_id=28"},"modified":"2024-03-19T00:33:24","modified_gmt":"2024-03-18T23:33:24","slug":"san-isidro-15-de-mayo","status":"publish","type":"page","link":"https:\/\/www.elprovencio.com\/turismo\/san-isidro-15-de-mayo\/","title":{"rendered":"San Isidro (15 de mayo)"},"content":{"rendered":"<p>Cada 15 de mayo, se celebra una de las fiestas importantes en el calendario provenciano, en honor a San Isidro.<\/p>\n<figure id=\"attachment_9039\" aria-describedby=\"caption-attachment-9039\" style=\"width: 645px\" class=\"wp-caption alignnone\"><img data-recalc-dims=\"1\" loading=\"lazy\" decoding=\"async\" class=\"size-full wp-image-9039\" src=\"https:\/\/i0.wp.com\/www.elprovencio.com\/wp-content\/uploads\/2020\/05\/Fiesta-San-Isidro5.jpg?resize=645%2C430\" alt=\"Fiesta de San Isidro\" width=\"645\" height=\"430\" \/><figcaption id=\"caption-attachment-9039\" class=\"wp-caption-text\">Fiesta de San Isidro<\/figcaption><\/figure>\n<figure id=\"attachment_9043\" aria-describedby=\"caption-attachment-9043\" style=\"width: 645px\" class=\"wp-caption alignnone\"><img data-recalc-dims=\"1\" loading=\"lazy\" decoding=\"async\" class=\"size-full wp-image-9043\" src=\"https:\/\/i0.wp.com\/www.elprovencio.com\/wp-content\/uploads\/2020\/05\/Fiesta-San-Isidro4.jpg?resize=645%2C430\" alt=\"Fiesta de San Isidro\" width=\"645\" height=\"430\" \/><figcaption id=\"caption-attachment-9043\" class=\"wp-caption-text\">Fiesta de San Isidro<\/figcaption><\/figure>\n<p>El santo es trasladado en procesi\u00f3n hasta la ermita. Durante el trayecto la gente va cantando, los ni\u00f1os van vestidos de labradores y llevan un panecillo, habas y espigas. Al llegar a la ermita los romeros acampan all\u00ed, aunque hay algunos que llevan desde el d\u00eda anterior y empieza la fiesta.<\/p>\n<p><iframe loading=\"lazy\" style=\"border: none; overflow: hidden;\" src=\"https:\/\/www.facebook.com\/plugins\/video.php?height=314&amp;href=https%3A%2F%2Fwww.facebook.com%2Fturismoelprovencio%2Fvideos%2F3145537022430274%2F&amp;show_text=false&amp;width=560&amp;t=0\" width=\"560\" height=\"314\" frameborder=\"0\" scrolling=\"no\" allowfullscreen=\"allowfullscreen\"><\/iframe><\/p>\n<figure id=\"attachment_9040\" aria-describedby=\"caption-attachment-9040\" style=\"width: 645px\" class=\"wp-caption alignnone\"><img data-recalc-dims=\"1\" loading=\"lazy\" decoding=\"async\" class=\"size-full wp-image-9040\" src=\"https:\/\/i0.wp.com\/www.elprovencio.com\/wp-content\/uploads\/2020\/05\/Fiesta-San-Isidro.jpg?resize=645%2C430\" alt=\"Fiesta de San Isidro\" width=\"645\" height=\"430\" \/><figcaption id=\"caption-attachment-9040\" class=\"wp-caption-text\">Fiesta de San Isidro<\/figcaption><\/figure>\n<p>Durante esta celebraci\u00f3n hay juegos populares, se asa carne, chorizos, forro, etc.<\/p>\n<p>Por la tarde se celebra la subasta con todos los productos que los provencianos le han ofrecido al Santo, y por la noche se celebra el baile en la carpa.<\/p>\n<figure id=\"attachment_9041\" aria-describedby=\"caption-attachment-9041\" style=\"width: 645px\" class=\"wp-caption alignnone\"><img data-recalc-dims=\"1\" loading=\"lazy\" decoding=\"async\" class=\"size-full wp-image-9041\" src=\"https:\/\/i0.wp.com\/www.elprovencio.com\/wp-content\/uploads\/2020\/05\/Fiesta-San-Isidro2.jpg?resize=645%2C430\" alt=\"Fiesta de San Isidro\" width=\"645\" height=\"430\" \/><figcaption id=\"caption-attachment-9041\" class=\"wp-caption-text\">Fiesta de San Isidro<\/figcaption><\/figure>\n<figure id=\"attachment_9042\" aria-describedby=\"caption-attachment-9042\" style=\"width: 645px\" class=\"wp-caption alignnone\"><img data-recalc-dims=\"1\" loading=\"lazy\" decoding=\"async\" class=\"size-full wp-image-9042\" src=\"https:\/\/i0.wp.com\/www.elprovencio.com\/wp-content\/uploads\/2020\/05\/Fiesta-San-Isidro3.jpg?resize=645%2C430\" alt=\"Fiesta de San Isidro\" width=\"645\" height=\"430\" \/><figcaption id=\"caption-attachment-9042\" class=\"wp-caption-text\">Fiesta de San Isidro<\/figcaption><\/figure>\n","protected":false},"excerpt":{"rendered":"<div class=\"mh-excerpt\"><p>Cada 15 de mayo, se celebra una de las fiestas importantes en el calendario provenciano, en honor a San Isidro. El santo es trasladado en <a class=\"mh-excerpt-more\" href=\"https:\/\/www.elprovencio.com\/turismo\/san-isidro-15-de-mayo\/\" title=\"San Isidro (15 de mayo)\">[&#8230;]<\/a><\/p>\n<\/div>","protected":false},"author":1,"featured_media":0,"parent":0,"menu_order":0,"comment_status":"closed","ping_status":"closed","template":"template-full.php","meta":{"footnotes":""},"class_list":["post-28","page","type-page","status-publish","hentry"],"aioseo_notices":[],"jetpack_sharing_enabled":true,"rttpg_featured_image_url":null,"rttpg_author":{"display_name":"Triguero","author_link":"https:\/\/www.elprovencio.com\/turismo\/author\/triguero\/"},"rttpg_comment":0,"rttpg_category":null,"rttpg_excerpt":"Cada 15 de mayo, se celebra una de las fiestas importantes en el calendario provenciano, en honor a San Isidro. El santo es trasladado en [...]","_links":{"self":[{"href":"https:\/\/www.elprovencio.com\/turismo\/wp-json\/wp\/v2\/pages\/28","targetHints":{"allow":["GET"]}}],"collection":[{"href":"https:\/\/www.elprovencio.com\/turismo\/wp-json\/wp\/v2\/pages"}],"about":[{"href":"https:\/\/www.elprovencio.com\/turismo\/wp-json\/wp\/v2\/types\/page"}],"author":[{"embeddable":true,"href":"https:\/\/www.elprovencio.com\/turismo\/wp-json\/wp\/v2\/users\/1"}],"replies":[{"embeddable":true,"href":"https:\/\/www.elprovencio.com\/turismo\/wp-json\/wp\/v2\/comments?post=28"}],"version-history":[{"count":0,"href":"https:\/\/www.elprovencio.com\/turismo\/wp-json\/wp\/v2\/pages\/28\/revisions"}],"wp:attachment":[{"href":"https:\/\/www.elprovencio.com\/turismo\/wp-json\/wp\/v2\/media?parent=28"}],"curies":[{"name":"wp","href":"https:\/\/api.w.org\/{rel}","templated":true}]}}

<p>Cada 15 de mayo, se celebra una de las fiestas importantes en el calendario provenciano, en honor a San Isidro.</p>
<figure id="attachment_9039" aria-describedby="caption-attachment-9039" style="width: 645px" class="wp-caption alignnone"><img data-recalc-dims="1" loading="lazy" decoding="async" class="size-full wp-image-9039" src="https://i0.wp.com/www.elprovencio.com/wp-content/uploads/2020/05/Fiesta-San-Isidro5.jpg?resize=645%2C430" alt="Fiesta de San Isidro" width="645" height="430" /><figcaption id="caption-attachment-9039" class="wp-caption-text">Fiesta de San Isidro</figcaption></figure>
<figure id="attachment_9043" aria-describedby="caption-attachment-9043" style="width: 645px" class="wp-caption alignnone"><img data-recalc-dims="1" loading="lazy" decoding="async" class="size-full wp-image-9043" src="https://i0.wp.com/www.elprovencio.com/wp-content/uploads/2020/05/Fiesta-San-Isidro4.jpg?resize=645%2C430" alt="Fiesta de San Isidro" width="645" height="430" /><figcaption id="caption-attachment-9043" class="wp-caption-text">Fiesta de San Isidro</figcaption></figure>
<p>El santo es trasladado en procesión hasta la ermita. Durante el trayecto la gente va cantando, los niños van vestidos de labradores y llevan un panecillo, habas y espigas. Al llegar a la ermita los romeros acampan allí, aunque hay algunos que llevan desde el día anterior y empieza la fiesta.</p>
<p><iframe loading="lazy" style="border: none; overflow: hidden;" src="https://www.facebook.com/plugins/video.php?height=314&amp;href=https%3A%2F%2Fwww.facebook.com%2Fturismoelprovencio%2Fvideos%2F3145537022430274%2F&amp;show_text=false&amp;width=560&amp;t=0" width="560" height="314" frameborder="0" scrolling="no" allowfullscreen="allowfullscreen"></iframe></p>
<figure id="attachment_9040" aria-describedby="caption-attachment-9040" style="width: 645px" class="wp-caption alignnone"><img data-recalc-dims="1" loading="lazy" decoding="async" class="size-full wp-image-9040" src="https://i0.wp.com/www.elprovencio.com/wp-content/uploads/2020/05/Fiesta-San-Isidro.jpg?resize=645%2C430" alt="Fiesta de San Isidro" width="645" height="430" /><figcaption id="caption-attachment-9040" class="wp-caption-text">Fiesta de San Isidro</figcaption></figure>
<p>Durante esta celebración hay juegos populares, se asa carne, chorizos, forro, etc.</p>
<p>Por la tarde se celebra la subasta con todos los productos que los provencianos le han ofrecido al Santo, y por la noche se celebra el baile en la carpa.</p>
<figure id="attachment_9041" aria-describedby="caption-attachment-9041" style="width: 645px" class="wp-caption alignnone"><img data-recalc-dims="1" loading="lazy" decoding="async" class="size-full wp-image-9041" src="https://i0.wp.com/www.elprovencio.com/wp-content/uploads/2020/05/Fiesta-San-Isidro2.jpg?resize=645%2C430" alt="Fiesta de San Isidro" width="645" height="430" /><figcaption id="caption-attachment-9041" class="wp-caption-text">Fiesta de San Isidro</figcaption></figure>
<figure id="attachment_9042" aria-describedby="caption-attachment-9042" style="width: 645px" class="wp-caption alignnone"><img data-recalc-dims="1" loading="lazy" decoding="async" class="size-full wp-image-9042" src="https://i0.wp.com/www.elprovencio.com/wp-content/uploads/2020/05/Fiesta-San-Isidro3.jpg?resize=645%2C430" alt="Fiesta de San Isidro" width="645" height="430" /><figcaption id="caption-attachment-9042" class="wp-caption-text">Fiesta de San Isidro</figcaption></figure>
