{"id":47,"date":"2024-02-19T11:39:53","date_gmt":"2024-02-19T10:39:53","guid":{"rendered":"https:\/\/www.elprovencio.com\/turismo\/?page_id=47"},"modified":"2024-02-19T15:40:50","modified_gmt":"2024-02-19T14:40:50","slug":"bodega-museo-del-doctor-plaza","status":"publish","type":"page","link":"https:\/\/www.elprovencio.com\/turismo\/bodega-museo-del-doctor-plaza\/","title":{"rendered":"Bodega-Museo del Doctor Plaza"},"content":{"rendered":"<p>El 22 de julio se inaugura un nuevo museo etnogr\u00e1fico en El Provencio, la <strong>Bodega del Doctor Antonio Garc\u00eda Plaza<\/strong>, Un nuevo espacio que ya es parte de las rutas de inter\u00e9s tur\u00edstico que se vienen realizando en nuestro pueblo.<\/p>\n<p>Estamos ante una casa t\u00edpica castellana, en la que el Doctor Plaza dedic\u00f3 toda su vida en ir recopilando miles de objetos de uso com\u00fan en la vida rural y que hoy podemos ver en este espacio muse\u00edstico.<\/p>\n<figure id=\"attachment_7822\" aria-describedby=\"caption-attachment-7822\" style=\"width: 1024px\" class=\"wp-caption alignnone\"><a href=\"https:\/\/i0.wp.com\/www.elprovencio.com\/wp-content\/uploads\/2018\/07\/Bodega-Doctor-Plaza3.jpg\"><img data-recalc-dims=\"1\" loading=\"lazy\" decoding=\"async\" class=\"size-large wp-image-7822\" src=\"https:\/\/i0.wp.com\/www.elprovencio.com\/wp-content\/uploads\/2018\/07\/Bodega-Doctor-Plaza3-1024x678.jpg?resize=1024%2C678\" alt=\"Bodega Doctor Plaza\" width=\"1024\" height=\"678\" \/><\/a><figcaption id=\"caption-attachment-7822\" class=\"wp-caption-text\">Bodega Doctor Plaza<\/figcaption><\/figure>\n<figure id=\"attachment_7823\" aria-describedby=\"caption-attachment-7823\" style=\"width: 1024px\" class=\"wp-caption alignnone\"><a href=\"https:\/\/i0.wp.com\/www.elprovencio.com\/wp-content\/uploads\/2018\/07\/Bodega-Doctor-Plaza.jpg\"><img data-recalc-dims=\"1\" loading=\"lazy\" decoding=\"async\" class=\"size-large wp-image-7823\" src=\"https:\/\/i0.wp.com\/www.elprovencio.com\/wp-content\/uploads\/2018\/07\/Bodega-Doctor-Plaza-1024x678.jpg?resize=1024%2C678\" alt=\"Bodega Doctor Plaza\" width=\"1024\" height=\"678\" \/><\/a><figcaption id=\"caption-attachment-7823\" class=\"wp-caption-text\">Bodega Doctor Plaza<\/figcaption><\/figure>\n<figure id=\"attachment_7824\" aria-describedby=\"caption-attachment-7824\" style=\"width: 1024px\" class=\"wp-caption alignnone\"><a href=\"https:\/\/i0.wp.com\/www.elprovencio.com\/wp-content\/uploads\/2018\/07\/Bodega-Doctor-Plaza2.jpg\"><img data-recalc-dims=\"1\" loading=\"lazy\" decoding=\"async\" class=\"size-large wp-image-7824\" src=\"https:\/\/i0.wp.com\/www.elprovencio.com\/wp-content\/uploads\/2018\/07\/Bodega-Doctor-Plaza2-1024x678.jpg?resize=1024%2C678\" alt=\"Bodega Doctor Plaza\" width=\"1024\" height=\"678\" \/><\/a><figcaption id=\"caption-attachment-7824\" class=\"wp-caption-text\">Bodega Doctor Plaza<\/figcaption><\/figure>\n<figure id=\"attachment_9059\" aria-describedby=\"caption-attachment-9059\" style=\"width: 645px\" class=\"wp-caption alignnone\"><img data-recalc-dims=\"1\" loading=\"lazy\" decoding=\"async\" class=\"size-full wp-image-9059\" src=\"https:\/\/i0.wp.com\/www.elprovencio.com\/wp-content\/uploads\/2020\/05\/Bodega-Doctor-Plaza2.jpg?resize=645%2C430\" alt=\"Bodega del Doctor Plaza\" width=\"645\" height=\"430\" \/><figcaption id=\"caption-attachment-9059\" class=\"wp-caption-text\">Bodega del Doctor Plaza<\/figcaption><\/figure>\n<figure id=\"attachment_9060\" aria-describedby=\"caption-attachment-9060\" style=\"width: 645px\" class=\"wp-caption alignnone\"><img data-recalc-dims=\"1\" loading=\"lazy\" decoding=\"async\" class=\"size-full wp-image-9060\" src=\"https:\/\/i0.wp.com\/www.elprovencio.com\/wp-content\/uploads\/2020\/05\/Bodega-Doctor-Plaza3.jpg?resize=645%2C430\" alt=\"Bodega del Doctor Plaza\" width=\"645\" height=\"430\" \/><figcaption id=\"caption-attachment-9060\" class=\"wp-caption-text\">Bodega del Doctor Plaza<\/figcaption><\/figure>\n<figure id=\"attachment_9058\" aria-describedby=\"caption-attachment-9058\" style=\"width: 645px\" class=\"wp-caption alignnone\"><img data-recalc-dims=\"1\" loading=\"lazy\" decoding=\"async\" class=\"size-full wp-image-9058\" src=\"https:\/\/i0.wp.com\/www.elprovencio.com\/wp-content\/uploads\/2020\/05\/Bodega-Doctor-Plaza.jpg?resize=645%2C430\" alt=\"Bodega del Doctor Plaza\" width=\"645\" height=\"430\" \/><figcaption id=\"caption-attachment-9058\" class=\"wp-caption-text\">Bodega del Doctor Plaza<\/figcaption><\/figure>\n","protected":false},"excerpt":{"rendered":"<div class=\"mh-excerpt\"><p>El 22 de julio se inaugura un nuevo museo etnogr\u00e1fico en El Provencio, la Bodega del Doctor Antonio Garc\u00eda Plaza, Un nuevo espacio que ya <a class=\"mh-excerpt-more\" href=\"https:\/\/www.elprovencio.com\/turismo\/bodega-museo-del-doctor-plaza\/\" title=\"Bodega-Museo del Doctor Plaza\">[&#8230;]<\/a><\/p>\n<\/div>","protected":false},"author":1,"featured_media":0,"parent":0,"menu_order":0,"comment_status":"closed","ping_status":"closed","template":"template-full.php","meta":{"footnotes":""},"class_list":["post-47","page","type-page","status-publish","hentry"],"aioseo_notices":[],"jetpack_sharing_enabled":true,"rttpg_featured_image_url":null,"rttpg_author":{"display_name":"Triguero","author_link":"https:\/\/www.elprovencio.com\/turismo\/author\/triguero\/"},"rttpg_comment":0,"rttpg_category":null,"rttpg_excerpt":"El 22 de julio se inaugura un nuevo museo etnogr\u00e1fico en El Provencio, la Bodega del Doctor Antonio Garc\u00eda Plaza, Un nuevo espacio que ya [...]","_links":{"self":[{"href":"https:\/\/www.elprovencio.com\/turismo\/wp-json\/wp\/v2\/pages\/47","targetHints":{"allow":["GET"]}}],"collection":[{"href":"https:\/\/www.elprovencio.com\/turismo\/wp-json\/wp\/v2\/pages"}],"about":[{"href":"https:\/\/www.elprovencio.com\/turismo\/wp-json\/wp\/v2\/types\/page"}],"author":[{"embeddable":true,"href":"https:\/\/www.elprovencio.com\/turismo\/wp-json\/wp\/v2\/users\/1"}],"replies":[{"embeddable":true,"href":"https:\/\/www.elprovencio.com\/turismo\/wp-json\/wp\/v2\/comments?post=47"}],"version-history":[{"count":0,"href":"https:\/\/www.elprovencio.com\/turismo\/wp-json\/wp\/v2\/pages\/47\/revisions"}],"wp:attachment":[{"href":"https:\/\/www.elprovencio.com\/turismo\/wp-json\/wp\/v2\/media?parent=47"}],"curies":[{"name":"wp","href":"https:\/\/api.w.org\/{rel}","templated":true}]}}

<p>El 22 de julio se inaugura un nuevo museo etnográfico en El Provencio, la <strong>Bodega del Doctor Antonio García Plaza</strong>, Un nuevo espacio que ya es parte de las rutas de interés turístico que se vienen realizando en nuestro pueblo.</p>
<p>Estamos ante una casa típica castellana, en la que el Doctor Plaza dedicó toda su vida en ir recopilando miles de objetos de uso común en la vida rural y que hoy podemos ver en este espacio museístico.</p>
<figure id="attachment_7822" aria-describedby="caption-attachment-7822" style="width: 1024px" class="wp-caption alignnone"><a href="https://i0.wp.com/www.elprovencio.com/wp-content/uploads/2018/07/Bodega-Doctor-Plaza3.jpg"><img data-recalc-dims="1" loading="lazy" decoding="async" class="size-large wp-image-7822" src="https://i0.wp.com/www.elprovencio.com/wp-content/uploads/2018/07/Bodega-Doctor-Plaza3-1024x678.jpg?resize=1024%2C678" alt="Bodega Doctor Plaza" width="1024" height="678" /></a><figcaption id="caption-attachment-7822" class="wp-caption-text">Bodega Doctor Plaza</figcaption></figure>
<figure id="attachment_7823" aria-describedby="caption-attachment-7823" style="width: 1024px" class="wp-caption alignnone"><a href="https://i0.wp.com/www.elprovencio.com/wp-content/uploads/2018/07/Bodega-Doctor-Plaza.jpg"><img data-recalc-dims="1" loading="lazy" decoding="async" class="size-large wp-image-7823" src="https://i0.wp.com/www.elprovencio.com/wp-content/uploads/2018/07/Bodega-Doctor-Plaza-1024x678.jpg?resize=1024%2C678" alt="Bodega Doctor Plaza" width="1024" height="678" /></a><figcaption id="caption-attachment-7823" class="wp-caption-text">Bodega Doctor Plaza</figcaption></figure>
<figure id="attachment_7824" aria-describedby="caption-attachment-7824" style="width: 1024px" class="wp-caption alignnone"><a href="https://i0.wp.com/www.elprovencio.com/wp-content/uploads/2018/07/Bodega-Doctor-Plaza2.jpg"><img data-recalc-dims="1" loading="lazy" decoding="async" class="size-large wp-image-7824" src="https://i0.wp.com/www.elprovencio.com/wp-content/uploads/2018/07/Bodega-Doctor-Plaza2-1024x678.jpg?resize=1024%2C678" alt="Bodega Doctor Plaza" width="1024" height="678" /></a><figcaption id="caption-attachment-7824" class="wp-caption-text">Bodega Doctor Plaza</figcaption></figure>
<figure id="attachment_9059" aria-describedby="caption-attachment-9059" style="width: 645px" class="wp-caption alignnone"><img data-recalc-dims="1" loading="lazy" decoding="async" class="size-full wp-image-9059" src="https://i0.wp.com/www.elprovencio.com/wp-content/uploads/2020/05/Bodega-Doctor-Plaza2.jpg?resize=645%2C430" alt="Bodega del Doctor Plaza" width="645" height="430" /><figcaption id="caption-attachment-9059" class="wp-caption-text">Bodega del Doctor Plaza</figcaption></figure>
<figure id="attachment_9060" aria-describedby="caption-attachment-9060" style="width: 645px" class="wp-caption alignnone"><img data-recalc-dims="1" loading="lazy" decoding="async" class="size-full wp-image-9060" src="https://i0.wp.com/www.elprovencio.com/wp-content/uploads/2020/05/Bodega-Doctor-Plaza3.jpg?resize=645%2C430" alt="Bodega del Doctor Plaza" width="645" height="430" /><figcaption id="caption-attachment-9060" class="wp-caption-text">Bodega del Doctor Plaza</figcaption></figure>
<figure id="attachment_9058" aria-describedby="caption-attachment-9058" style="width: 645px" class="wp-caption alignnone"><img data-recalc-dims="1" loading="lazy" decoding="async" class="size-full wp-image-9058" src="https://i0.wp.com/www.elprovencio.com/wp-content/uploads/2020/05/Bodega-Doctor-Plaza.jpg?resize=645%2C430" alt="Bodega del Doctor Plaza" width="645" height="430" /><figcaption id="caption-attachment-9058" class="wp-caption-text">Bodega del Doctor Plaza</figcaption></figure>

<div class="mh-excerpt"><p>El 22 de julio se inaugura un nuevo museo etnográfico en El Provencio, la Bodega del Doctor Antonio García Plaza, Un nuevo espacio que ya <a class="mh-excerpt-more" href="https://www.elprovencio.com/turismo/bodega-museo-del-doctor-plaza/" title="Bodega-Museo del Doctor Plaza">[&#8230;]</a></p>
</div>

El 22 de julio se inaugura un nuevo museo etnográfico en El Provencio, la Bodega del Doctor Antonio García Plaza, Un nuevo espacio que ya [...]
