{"id":57,"date":"2024-02-19T11:44:16","date_gmt":"2024-02-19T10:44:16","guid":{"rendered":"https:\/\/www.elprovencio.com\/turismo\/?page_id=57"},"modified":"2024-03-20T22:48:57","modified_gmt":"2024-03-20T21:48:57","slug":"el-pueblo-olvidado-el-provencio-subterraneo","status":"publish","type":"page","link":"https:\/\/www.elprovencio.com\/turismo\/el-pueblo-olvidado-el-provencio-subterraneo\/","title":{"rendered":"El Pueblo Olvidado (El Provencio subterr\u00e1neo)"},"content":{"rendered":"<div class=\"entry\">\n<p>Dentro del proyecto de recuperaci\u00f3n del patrimonio del pueblo, se emprendi\u00f3 un estudio de las cuevas tradicionales que todav\u00eda se conservaban en muchas de las casas provencianas.<\/p>\n<p>El origen de estas cuevas era incierto, en el imaginario popular se hab\u00edan asentado leyendas como que eran pasadizos que conectaban la Iglesia Parroquial con el Castillo de Santiago de la Torre situado a varios kil\u00f3metros de la poblaci\u00f3n. Otros dec\u00edan que eran pasadizos que conectaban las \u00f3rdenes religiosas que hab\u00eda en el pueblo para que las monjas y los monjes pudieran tener encuentros.<\/p>\n<div id=\"attachment_7028\" class=\"wp-caption alignnone\">\n<p><a href=\"https:\/\/i0.wp.com\/www.elprovencio.com\/wp-content\/uploads\/2017\/12\/Cueva-Subterranea2.jpg\"><img loading=\"lazy\" decoding=\"async\" class=\"size-large wp-image-7028\" src=\"https:\/\/i0.wp.com\/www.elprovencio.com\/wp-content\/uploads\/2017\/12\/Cueva-Subterranea2-1024x682.jpg?resize=1024%2C682\" sizes=\"auto, (max-width: 1000px) 100vw, 1000px\" srcset=\"https:\/\/i0.wp.com\/www.elprovencio.com\/wp-content\/uploads\/2017\/12\/Cueva-Subterranea2.jpg?w=1024&amp;ssl=1 1024w, https:\/\/i0.wp.com\/www.elprovencio.com\/wp-content\/uploads\/2017\/12\/Cueva-Subterranea2.jpg?resize=300%2C200&amp;ssl=1 300w, https:\/\/i0.wp.com\/www.elprovencio.com\/wp-content\/uploads\/2017\/12\/Cueva-Subterranea2.jpg?resize=768%2C512&amp;ssl=1 768w\" alt=\"Cuevas subterr\u00e1neas\" width=\"1024\" height=\"682\" aria-describedby=\"caption-attachment-7028\" data-recalc-dims=\"1\" \/><\/a><\/p>\n<p id=\"caption-attachment-7028\" class=\"wp-caption-text\">Cuevas subterr\u00e1neas<\/p>\n<\/div>\n<p>Despu\u00e9s de hacer un estudio arqueol\u00f3gico de las diferentes cuevas se llego a la conclusi\u00f3n de que solamente eran cuevas tradicionales que hab\u00eda en las casas para almacenar la comida y fermentar el vino en la \u00e9poca en la que todav\u00eda no hab\u00eda frigor\u00edficos. Sus dimensiones se deb\u00edan a que las cuevas ocupaban toda la vivienda y cuando los hijos part\u00edan el solar para hacerse su casa, no divid\u00edan la cueva. Quedando con el paso de los siglos ocupada toda una manzana de casas sin ninguna relaci\u00f3n entre ellas, por lo que cuando bajaban a las cuevas las ve\u00edan como algo inmenso y no se aventuraban a investigar su origen.<\/p>\n<div id=\"attachment_7027\" class=\"wp-caption alignnone\">\n<p><a href=\"https:\/\/i0.wp.com\/www.elprovencio.com\/wp-content\/uploads\/2017\/12\/Cueva-Subterranea.jpg\"><img loading=\"lazy\" decoding=\"async\" class=\"size-large wp-image-7027\" src=\"https:\/\/i0.wp.com\/www.elprovencio.com\/wp-content\/uploads\/2017\/12\/Cueva-Subterranea-1024x682.jpg?resize=1024%2C682\" sizes=\"auto, (max-width: 1000px) 100vw, 1000px\" srcset=\"https:\/\/i0.wp.com\/www.elprovencio.com\/wp-content\/uploads\/2017\/12\/Cueva-Subterranea.jpg?w=1024&amp;ssl=1 1024w, https:\/\/i0.wp.com\/www.elprovencio.com\/wp-content\/uploads\/2017\/12\/Cueva-Subterranea.jpg?resize=300%2C200&amp;ssl=1 300w, https:\/\/i0.wp.com\/www.elprovencio.com\/wp-content\/uploads\/2017\/12\/Cueva-Subterranea.jpg?resize=768%2C512&amp;ssl=1 768w\" alt=\"Cuevas subterr\u00e1neas\" width=\"1024\" height=\"682\" aria-describedby=\"caption-attachment-7027\" data-recalc-dims=\"1\" \/><\/a><\/p>\n<p id=\"caption-attachment-7027\" class=\"wp-caption-text\">Cuevas subterr\u00e1neas<\/p>\n<\/div>\n<p>Hoy se est\u00e1 realizando un proceso de identificaci\u00f3n de todas ellas para poder proceder a su recuperaci\u00f3n como bien de inter\u00e9s cultural. Desde la Oficina de Turismo se realizan visitas peri\u00f3dicas a algunas de ellas.<\/p>\n<div id=\"attachment_9052\" class=\"wp-caption alignnone\">\n<p><img loading=\"lazy\" decoding=\"async\" class=\"size-full wp-image-9052\" src=\"https:\/\/i0.wp.com\/www.elprovencio.com\/wp-content\/uploads\/2020\/05\/Cuevas-centenarias2.jpg?resize=645%2C430\" sizes=\"auto, (max-width: 645px) 100vw, 645px\" srcset=\"https:\/\/i0.wp.com\/www.elprovencio.com\/wp-content\/uploads\/2020\/05\/Cuevas-centenarias2.jpg?w=645&amp;ssl=1 645w, https:\/\/i0.wp.com\/www.elprovencio.com\/wp-content\/uploads\/2020\/05\/Cuevas-centenarias2.jpg?resize=300%2C200&amp;ssl=1 300w\" alt=\"Cuevas centenarias\" width=\"645\" height=\"430\" aria-describedby=\"caption-attachment-9052\" data-recalc-dims=\"1\" \/><\/p>\n<p id=\"caption-attachment-9052\" class=\"wp-caption-text\">Cuevas centenarias<\/p>\n<\/div>\n<div id=\"attachment_9053\" class=\"wp-caption alignnone\">\n<p><img loading=\"lazy\" decoding=\"async\" class=\"size-full wp-image-9053\" src=\"https:\/\/i0.wp.com\/www.elprovencio.com\/wp-content\/uploads\/2020\/05\/Cuevas-centenarias.jpg?resize=645%2C430\" sizes=\"auto, (max-width: 645px) 100vw, 645px\" srcset=\"https:\/\/i0.wp.com\/www.elprovencio.com\/wp-content\/uploads\/2020\/05\/Cuevas-centenarias.jpg?w=645&amp;ssl=1 645w, https:\/\/i0.wp.com\/www.elprovencio.com\/wp-content\/uploads\/2020\/05\/Cuevas-centenarias.jpg?resize=300%2C200&amp;ssl=1 300w\" alt=\"Cuevas centenarias\" width=\"645\" height=\"430\" aria-describedby=\"caption-attachment-9053\" data-recalc-dims=\"1\" \/><\/p>\n<p id=\"caption-attachment-9053\" class=\"wp-caption-text\">Cuevas centenarias<\/p>\n<\/div>\n<p>Uno de los grandes descubrimientos que ha aportado el conocimiento de estas cuevas, ha sido que en una de ellas debido a su profundidad, ha llegado a los estratos ricos en industria l\u00edtica, cuyas piezas han ido a formar parte del Museo Paleol\u00edtico.<\/p>\n<div id=\"attachment_9055\" class=\"wp-caption alignnone\">\n<p><img loading=\"lazy\" decoding=\"async\" class=\"size-full wp-image-9055\" src=\"https:\/\/i0.wp.com\/www.elprovencio.com\/wp-content\/uploads\/2020\/05\/Cuevas-centenarias3.jpg?resize=645%2C430\" sizes=\"auto, (max-width: 645px) 100vw, 645px\" srcset=\"https:\/\/i0.wp.com\/www.elprovencio.com\/wp-content\/uploads\/2020\/05\/Cuevas-centenarias3.jpg?w=645&amp;ssl=1 645w, https:\/\/i0.wp.com\/www.elprovencio.com\/wp-content\/uploads\/2020\/05\/Cuevas-centenarias3.jpg?resize=300%2C200&amp;ssl=1 300w\" alt=\"Cuevas centenarias\" width=\"645\" height=\"430\" aria-describedby=\"caption-attachment-9055\" data-recalc-dims=\"1\" \/><\/p>\n<p id=\"caption-attachment-9055\" class=\"wp-caption-text\">Cuevas centenarias<\/p>\n<\/div>\n<\/div>\n","protected":false},"excerpt":{"rendered":"<div class=\"mh-excerpt\"><p>Dentro del proyecto de recuperaci\u00f3n del patrimonio del pueblo, se emprendi\u00f3 un estudio de las cuevas tradicionales que todav\u00eda se conservaban en muchas de las <a class=\"mh-excerpt-more\" href=\"https:\/\/www.elprovencio.com\/turismo\/el-pueblo-olvidado-el-provencio-subterraneo\/\" title=\"El Pueblo Olvidado (El Provencio subterr\u00e1neo)\">[&#8230;]<\/a><\/p>\n<\/div>","protected":false},"author":1,"featured_media":0,"parent":0,"menu_order":0,"comment_status":"closed","ping_status":"closed","template":"template-full.php","meta":{"footnotes":""},"class_list":["post-57","page","type-page","status-publish","hentry"],"aioseo_notices":[],"jetpack_sharing_enabled":true,"rttpg_featured_image_url":null,"rttpg_author":{"display_name":"Triguero","author_link":"https:\/\/www.elprovencio.com\/turismo\/author\/triguero\/"},"rttpg_comment":0,"rttpg_category":null,"rttpg_excerpt":"Dentro del proyecto de recuperaci\u00f3n del patrimonio del pueblo, se emprendi\u00f3 un estudio de las cuevas tradicionales que todav\u00eda se conservaban en muchas de las [...]","_links":{"self":[{"href":"https:\/\/www.elprovencio.com\/turismo\/wp-json\/wp\/v2\/pages\/57","targetHints":{"allow":["GET"]}}],"collection":[{"href":"https:\/\/www.elprovencio.com\/turismo\/wp-json\/wp\/v2\/pages"}],"about":[{"href":"https:\/\/www.elprovencio.com\/turismo\/wp-json\/wp\/v2\/types\/page"}],"author":[{"embeddable":true,"href":"https:\/\/www.elprovencio.com\/turismo\/wp-json\/wp\/v2\/users\/1"}],"replies":[{"embeddable":true,"href":"https:\/\/www.elprovencio.com\/turismo\/wp-json\/wp\/v2\/comments?post=57"}],"version-history":[{"count":0,"href":"https:\/\/www.elprovencio.com\/turismo\/wp-json\/wp\/v2\/pages\/57\/revisions"}],"wp:attachment":[{"href":"https:\/\/www.elprovencio.com\/turismo\/wp-json\/wp\/v2\/media?parent=57"}],"curies":[{"name":"wp","href":"https:\/\/api.w.org\/{rel}","templated":true}]}}

El Pueblo Olvidado (El Provencio subterráneo)

<div class="entry">
<p>Dentro del proyecto de recuperación del patrimonio del pueblo, se emprendió un estudio de las cuevas tradicionales que todavía se conservaban en muchas de las casas provencianas.</p>
<p>El origen de estas cuevas era incierto, en el imaginario popular se habían asentado leyendas como que eran pasadizos que conectaban la Iglesia Parroquial con el Castillo de Santiago de la Torre situado a varios kilómetros de la población. Otros decían que eran pasadizos que conectaban las órdenes religiosas que había en el pueblo para que las monjas y los monjes pudieran tener encuentros.</p>
<div id="attachment_7028" class="wp-caption alignnone">
<p><a href="https://i0.wp.com/www.elprovencio.com/wp-content/uploads/2017/12/Cueva-Subterranea2.jpg"><img loading="lazy" decoding="async" class="size-large wp-image-7028" src="https://i0.wp.com/www.elprovencio.com/wp-content/uploads/2017/12/Cueva-Subterranea2-1024x682.jpg?resize=1024%2C682" sizes="auto, (max-width: 1000px) 100vw, 1000px" srcset="https://i0.wp.com/www.elprovencio.com/wp-content/uploads/2017/12/Cueva-Subterranea2.jpg?w=1024&amp;ssl=1 1024w, https://i0.wp.com/www.elprovencio.com/wp-content/uploads/2017/12/Cueva-Subterranea2.jpg?resize=300%2C200&amp;ssl=1 300w, https://i0.wp.com/www.elprovencio.com/wp-content/uploads/2017/12/Cueva-Subterranea2.jpg?resize=768%2C512&amp;ssl=1 768w" alt="Cuevas subterráneas" width="1024" height="682" aria-describedby="caption-attachment-7028" data-recalc-dims="1" /></a></p>
<p id="caption-attachment-7028" class="wp-caption-text">Cuevas subterráneas</p>
</div>
<p>Después de hacer un estudio arqueológico de las diferentes cuevas se llego a la conclusión de que solamente eran cuevas tradicionales que había en las casas para almacenar la comida y fermentar el vino en la época en la que todavía no había frigoríficos. Sus dimensiones se debían a que las cuevas ocupaban toda la vivienda y cuando los hijos partían el solar para hacerse su casa, no dividían la cueva. Quedando con el paso de los siglos ocupada toda una manzana de casas sin ninguna relación entre ellas, por lo que cuando bajaban a las cuevas las veían como algo inmenso y no se aventuraban a investigar su origen.</p>
<div id="attachment_7027" class="wp-caption alignnone">
<p><a href="https://i0.wp.com/www.elprovencio.com/wp-content/uploads/2017/12/Cueva-Subterranea.jpg"><img loading="lazy" decoding="async" class="size-large wp-image-7027" src="https://i0.wp.com/www.elprovencio.com/wp-content/uploads/2017/12/Cueva-Subterranea-1024x682.jpg?resize=1024%2C682" sizes="auto, (max-width: 1000px) 100vw, 1000px" srcset="https://i0.wp.com/www.elprovencio.com/wp-content/uploads/2017/12/Cueva-Subterranea.jpg?w=1024&amp;ssl=1 1024w, https://i0.wp.com/www.elprovencio.com/wp-content/uploads/2017/12/Cueva-Subterranea.jpg?resize=300%2C200&amp;ssl=1 300w, https://i0.wp.com/www.elprovencio.com/wp-content/uploads/2017/12/Cueva-Subterranea.jpg?resize=768%2C512&amp;ssl=1 768w" alt="Cuevas subterráneas" width="1024" height="682" aria-describedby="caption-attachment-7027" data-recalc-dims="1" /></a></p>
<p id="caption-attachment-7027" class="wp-caption-text">Cuevas subterráneas</p>
</div>
<p>Hoy se está realizando un proceso de identificación de todas ellas para poder proceder a su recuperación como bien de interés cultural. Desde la Oficina de Turismo se realizan visitas periódicas a algunas de ellas.</p>
<div id="attachment_9052" class="wp-caption alignnone">
<p><img loading="lazy" decoding="async" class="size-full wp-image-9052" src="https://i0.wp.com/www.elprovencio.com/wp-content/uploads/2020/05/Cuevas-centenarias2.jpg?resize=645%2C430" sizes="auto, (max-width: 645px) 100vw, 645px" srcset="https://i0.wp.com/www.elprovencio.com/wp-content/uploads/2020/05/Cuevas-centenarias2.jpg?w=645&amp;ssl=1 645w, https://i0.wp.com/www.elprovencio.com/wp-content/uploads/2020/05/Cuevas-centenarias2.jpg?resize=300%2C200&amp;ssl=1 300w" alt="Cuevas centenarias" width="645" height="430" aria-describedby="caption-attachment-9052" data-recalc-dims="1" /></p>
<p id="caption-attachment-9052" class="wp-caption-text">Cuevas centenarias</p>
</div>
<div id="attachment_9053" class="wp-caption alignnone">
<p><img loading="lazy" decoding="async" class="size-full wp-image-9053" src="https://i0.wp.com/www.elprovencio.com/wp-content/uploads/2020/05/Cuevas-centenarias.jpg?resize=645%2C430" sizes="auto, (max-width: 645px) 100vw, 645px" srcset="https://i0.wp.com/www.elprovencio.com/wp-content/uploads/2020/05/Cuevas-centenarias.jpg?w=645&amp;ssl=1 645w, https://i0.wp.com/www.elprovencio.com/wp-content/uploads/2020/05/Cuevas-centenarias.jpg?resize=300%2C200&amp;ssl=1 300w" alt="Cuevas centenarias" width="645" height="430" aria-describedby="caption-attachment-9053" data-recalc-dims="1" /></p>
<p id="caption-attachment-9053" class="wp-caption-text">Cuevas centenarias</p>
</div>
<p>Uno de los grandes descubrimientos que ha aportado el conocimiento de estas cuevas, ha sido que en una de ellas debido a su profundidad, ha llegado a los estratos ricos en industria lítica, cuyas piezas han ido a formar parte del Museo Paleolítico.</p>
<div id="attachment_9055" class="wp-caption alignnone">
<p><img loading="lazy" decoding="async" class="size-full wp-image-9055" src="https://i0.wp.com/www.elprovencio.com/wp-content/uploads/2020/05/Cuevas-centenarias3.jpg?resize=645%2C430" sizes="auto, (max-width: 645px) 100vw, 645px" srcset="https://i0.wp.com/www.elprovencio.com/wp-content/uploads/2020/05/Cuevas-centenarias3.jpg?w=645&amp;ssl=1 645w, https://i0.wp.com/www.elprovencio.com/wp-content/uploads/2020/05/Cuevas-centenarias3.jpg?resize=300%2C200&amp;ssl=1 300w" alt="Cuevas centenarias" width="645" height="430" aria-describedby="caption-attachment-9055" data-recalc-dims="1" /></p>
<p id="caption-attachment-9055" class="wp-caption-text">Cuevas centenarias</p>
</div>
</div>

<div class="mh-excerpt"><p>Dentro del proyecto de recuperación del patrimonio del pueblo, se emprendió un estudio de las cuevas tradicionales que todavía se conservaban en muchas de las <a class="mh-excerpt-more" href="https://www.elprovencio.com/turismo/el-pueblo-olvidado-el-provencio-subterraneo/" title="El Pueblo Olvidado (El Provencio subterráneo)">[&#8230;]</a></p>
</div>

Dentro del proyecto de recuperación del patrimonio del pueblo, se emprendió un estudio de las cuevas tradicionales que todavía se conservaban en muchas de las [...]
