{"id":572,"date":"2024-04-08T17:18:39","date_gmt":"2024-04-08T15:18:39","guid":{"rendered":"https:\/\/www.elprovencio.com\/turismo\/?page_id=572"},"modified":"2024-04-08T18:23:01","modified_gmt":"2024-04-08T16:23:01","slug":"hermandad-del-santo-nino-del-remedio","status":"publish","type":"page","link":"https:\/\/www.elprovencio.com\/turismo\/hermandad-del-santo-nino-del-remedio\/","title":{"rendered":"Hermandad del Santo Ni\u00f1o del Remedio"},"content":{"rendered":"<p>En el libro de actas de la Hermandad del Santo Ni\u00f1o del Remedio (1949) se recogen las diferentes actividades que se han venido realizando en torno a la celebraci\u00f3n de los actos de culto de la hermandad.<\/p>\n<p>En el art\u00edculo 1\u00ba del Reglamento dice textualmente:\u00a0\u00ab<em>Con el fin de difundir y propagar la suprema realeza de Jes\u00fas, a toda manifestaci\u00f3n personal, de familia y de sociedad, y darle culto y adoraci\u00f3n, de manera espec\u00edfica en su imagen del Santo Ni\u00f1o del Remedio, se instituye en esta parroquia de la Asunci\u00f3n de Nuestra Se\u00f1ora, de la villa de El Provencio, y con superior aprobaci\u00f3n (seg\u00fan derecho), la Cofrad\u00eda del Santo Ni\u00f1o del Remedio en cuyo honor y reverencia se celebrar\u00e1 el tercer domingo de Septiembre una fiesta con la mayor solemnidad<\/em>\u00bb.<\/p>\n<p>En su origen primigenio, la Hermandad del Santo Ni\u00f1o del Remedio naci\u00f3 como una hermandad de mujeres, que tiene su ra\u00edz originaria y aut\u00e9ntica en Bonifacia Mart\u00ednez Ruiz, que quiso cumplir con una promesa de agradecimiento al Santo Ni\u00f1o, ofreciendo una novena por el retorno de la guerra de su padre sano y salvo, hecho que ocurri\u00f3 de una manera misteriosa y poco comprensible para las circunstancias por las que atravesaba Espa\u00f1a en aquellos momentos.<\/p>\n<p>Esa promesa cobr\u00f3 fuerza con la adquisici\u00f3n de una peque\u00f1a capilla para su domicilio, pero que, poco a poco, se fue propagando por las casas de la calle de Las Mesas a lo largo del a\u00f1o 1944. El itinerario devocional tuvo su final en una procesi\u00f3n con la imagen del Santo Ni\u00f1o que celebr\u00f3 D. Tom\u00e1s Talavera, p\u00e1rroco muy querido en El Provencio y gran promotor de la devoci\u00f3n, y que termin\u00f3 en la calle de la Molineta, n\u00famero 25, donde se encontraba la casa de Adoraci\u00f3n Casamayor y Feliciano Solera.<\/p>\n<p>As\u00ed fue como creci\u00f3 la devoci\u00f3n al Santo Ni\u00f1o y la posterior adquisici\u00f3n de la actual imagen, a cargo de Bonifacia Mart\u00ednez, y la creaci\u00f3n de la Hermandad de Mujeres, por Rufina Sevilla, Teodora Casanova y la citada Bonifacia Mart\u00ednez.<\/p>\n<p>A este impulso se sumar\u00eda el entusiasmo y la colaboraci\u00f3n de Julio Serrano y de Manuel Marchante, m\u00e1s conocido por Manuel\u00a0\u00abel Herrero\u00bb, que nada m\u00e1s recibir la invitaci\u00f3n comenz\u00f3 a formar parte de la hermandad. Empez\u00f3 a constituir la rama de hombres y, conforme iban llegando a la fragua a afilar las rejas como era tradicional todas las noches, iba afilando uno a uno a la nueva cofrad\u00eda (en una noche inscribi\u00f3 a 19 hombres); corr\u00eda por aquel entonces el a\u00f1o 1948.<\/p>\n<p>Todos esos esfuerzos y entusiasmos permitieron celebrar con toda solemnidad una procesi\u00f3n por las calles engalanadas con colchas y cortinas para dar esplendor a un acontecimiento tan cargado de emoci\u00f3n religiosa y devoci\u00f3n. Era el a\u00f1o 1949.<\/p>\n<p>Adem\u00e1s de procesionar con sus im\u00e1genes, las hermandades son part\u00edcipes en todos los actos programados para la Semana Santa, comenzando con la v\u00edspera del Domingo de Ramos asistiendo a la Santa Misa, seguida del preg\u00f3n de Semana Santa y del concierto que realiza la Asociaci\u00f3n Musical Nuestra Se\u00f1ora del Rosario.<\/p>\n<p>Contin\u00faan su participaci\u00f3n en la Misa de la Cena del Se\u00f1or, en la que seis hermanos del Santo Ni\u00f1o del Remedio y otros seis del Sant\u00edsimo Sacramento representan a los dos ap\u00f3stoles en el lavatorio de los pies.<\/p>\n<p>Tras la procesi\u00f3n del Perd\u00f3n, la Cofrad\u00eda del Sant\u00edsimo -nazarenos y San Juan- velan junto a las hermanas de Mar\u00eda y el resto de fieles, el Santo Sagrario.<\/p>\n<p>Por otra parte, en Viernes Santo se realizan los Santos Oficios, donde el Crucificado es expuesto para ser besado y adorado por el pueblo que llora su muerte.<\/p>\n<p>En la Vigilia Pascual, la Cofrad\u00eda del Sant\u00edsimo Sacramento, la Hermandad del Santo Ni\u00f1o del Remedio y la Hermandad de la Virgen del Rosario, esperan el gran momento de la Resurrecci\u00f3n de Nuestro Se\u00f1or Jesucristo y su encuentro con su madre.<\/p>\n<p>Su participaci\u00f3n finaliza en la procesi\u00f3n de la Virgen del Rosario y de Jes\u00fas Resucitado, cantando el Santo Rosario por las calles de El Provencio.<\/p>\n","protected":false},"excerpt":{"rendered":"<div class=\"mh-excerpt\"><p>En el libro de actas de la Hermandad del Santo Ni\u00f1o del Remedio (1949) se recogen las diferentes actividades que se han venido realizando en <a class=\"mh-excerpt-more\" href=\"https:\/\/www.elprovencio.com\/turismo\/hermandad-del-santo-nino-del-remedio\/\" title=\"Hermandad del Santo Ni\u00f1o del Remedio\">[&#8230;]<\/a><\/p>\n<\/div>","protected":false},"author":1,"featured_media":587,"parent":0,"menu_order":0,"comment_status":"closed","ping_status":"closed","template":"template-full.php","meta":{"footnotes":""},"class_list":["post-572","page","type-page","status-publish","has-post-thumbnail","hentry"],"aioseo_notices":[],"jetpack_sharing_enabled":true,"rttpg_featured_image_url":{"full":["https:\/\/i0.wp.com\/www.elprovencio.com\/turismo\/wp-content\/uploads\/2024\/04\/Santo-Nino.jpg?fit=591%2C1024&ssl=1",591,1024,false],"landscape":["https:\/\/www.elprovencio.com\/turismo\/wp-content\/uploads\/2024\/04\/Santo-Nino.jpg",591,1024,false],"portraits":["https:\/\/www.elprovencio.com\/turismo\/wp-content\/uploads\/2024\/04\/Santo-Nino.jpg",591,1024,false],"thumbnail":["https:\/\/i0.wp.com\/www.elprovencio.com\/turismo\/wp-content\/uploads\/2024\/04\/Santo-Nino.jpg?resize=150%2C150&ssl=1",150,150,true],"medium":["https:\/\/i0.wp.com\/www.elprovencio.com\/turismo\/wp-content\/uploads\/2024\/04\/Santo-Nino.jpg?fit=173%2C300&ssl=1",173,300,true],"large":["https:\/\/i0.wp.com\/www.elprovencio.com\/turismo\/wp-content\/uploads\/2024\/04\/Santo-Nino.jpg?fit=591%2C1024&ssl=1",591,1024,true],"1536x1536":["https:\/\/i0.wp.com\/www.elprovencio.com\/turismo\/wp-content\/uploads\/2024\/04\/Santo-Nino.jpg?fit=591%2C1024&ssl=1",591,1024,true],"2048x2048":["https:\/\/i0.wp.com\/www.elprovencio.com\/turismo\/wp-content\/uploads\/2024\/04\/Santo-Nino.jpg?fit=591%2C1024&ssl=1",591,1024,true],"mh-magazine-lite-slider":["https:\/\/i0.wp.com\/www.elprovencio.com\/turismo\/wp-content\/uploads\/2024\/04\/Santo-Nino.jpg?resize=591%2C438&ssl=1",591,438,true],"mh-magazine-lite-content":["https:\/\/i0.wp.com\/www.elprovencio.com\/turismo\/wp-content\/uploads\/2024\/04\/Santo-Nino.jpg?resize=591%2C381&ssl=1",591,381,true],"mh-magazine-lite-large":["https:\/\/i0.wp.com\/www.elprovencio.com\/turismo\/wp-content\/uploads\/2024\/04\/Santo-Nino.jpg?resize=591%2C509&ssl=1",591,509,true],"mh-magazine-lite-medium":["https:\/\/i0.wp.com\/www.elprovencio.com\/turismo\/wp-content\/uploads\/2024\/04\/Santo-Nino.jpg?resize=326%2C245&ssl=1",326,245,true],"mh-magazine-lite-small":["https:\/\/i0.wp.com\/www.elprovencio.com\/turismo\/wp-content\/uploads\/2024\/04\/Santo-Nino.jpg?resize=80%2C60&ssl=1",80,60,true]},"rttpg_author":{"display_name":"Triguero","author_link":"https:\/\/www.elprovencio.com\/turismo\/author\/triguero\/"},"rttpg_comment":0,"rttpg_category":null,"rttpg_excerpt":"En el libro de actas de la Hermandad del Santo Ni\u00f1o del Remedio (1949) se recogen las diferentes actividades que se han venido realizando en [...]","_links":{"self":[{"href":"https:\/\/www.elprovencio.com\/turismo\/wp-json\/wp\/v2\/pages\/572","targetHints":{"allow":["GET"]}}],"collection":[{"href":"https:\/\/www.elprovencio.com\/turismo\/wp-json\/wp\/v2\/pages"}],"about":[{"href":"https:\/\/www.elprovencio.com\/turismo\/wp-json\/wp\/v2\/types\/page"}],"author":[{"embeddable":true,"href":"https:\/\/www.elprovencio.com\/turismo\/wp-json\/wp\/v2\/users\/1"}],"replies":[{"embeddable":true,"href":"https:\/\/www.elprovencio.com\/turismo\/wp-json\/wp\/v2\/comments?post=572"}],"version-history":[{"count":2,"href":"https:\/\/www.elprovencio.com\/turismo\/wp-json\/wp\/v2\/pages\/572\/revisions"}],"predecessor-version":[{"id":591,"href":"https:\/\/www.elprovencio.com\/turismo\/wp-json\/wp\/v2\/pages\/572\/revisions\/591"}],"wp:featuredmedia":[{"embeddable":true,"href":"https:\/\/www.elprovencio.com\/turismo\/wp-json\/wp\/v2\/media\/587"}],"wp:attachment":[{"href":"https:\/\/www.elprovencio.com\/turismo\/wp-json\/wp\/v2\/media?parent=572"}],"curies":[{"name":"wp","href":"https:\/\/api.w.org\/{rel}","templated":true}]}}

Hermandad del Santo Niño del Remedio

<p>En el libro de actas de la Hermandad del Santo Niño del Remedio (1949) se recogen las diferentes actividades que se han venido realizando en torno a la celebración de los actos de culto de la hermandad.</p>
<p>En el artículo 1º del Reglamento dice textualmente: «<em>Con el fin de difundir y propagar la suprema realeza de Jesús, a toda manifestación personal, de familia y de sociedad, y darle culto y adoración, de manera específica en su imagen del Santo Niño del Remedio, se instituye en esta parroquia de la Asunción de Nuestra Señora, de la villa de El Provencio, y con superior aprobación (según derecho), la Cofradía del Santo Niño del Remedio en cuyo honor y reverencia se celebrará el tercer domingo de Septiembre una fiesta con la mayor solemnidad</em>».</p>
<p>En su origen primigenio, la Hermandad del Santo Niño del Remedio nació como una hermandad de mujeres, que tiene su raíz originaria y auténtica en Bonifacia Martínez Ruiz, que quiso cumplir con una promesa de agradecimiento al Santo Niño, ofreciendo una novena por el retorno de la guerra de su padre sano y salvo, hecho que ocurrió de una manera misteriosa y poco comprensible para las circunstancias por las que atravesaba España en aquellos momentos.</p>
<p>Esa promesa cobró fuerza con la adquisición de una pequeña capilla para su domicilio, pero que, poco a poco, se fue propagando por las casas de la calle de Las Mesas a lo largo del año 1944. El itinerario devocional tuvo su final en una procesión con la imagen del Santo Niño que celebró D. Tomás Talavera, párroco muy querido en El Provencio y gran promotor de la devoción, y que terminó en la calle de la Molineta, número 25, donde se encontraba la casa de Adoración Casamayor y Feliciano Solera.</p>
<p>Así fue como creció la devoción al Santo Niño y la posterior adquisición de la actual imagen, a cargo de Bonifacia Martínez, y la creación de la Hermandad de Mujeres, por Rufina Sevilla, Teodora Casanova y la citada Bonifacia Martínez.</p>
<p>A este impulso se sumaría el entusiasmo y la colaboración de Julio Serrano y de Manuel Marchante, más conocido por Manuel «el Herrero», que nada más recibir la invitación comenzó a formar parte de la hermandad. Empezó a constituir la rama de hombres y, conforme iban llegando a la fragua a afilar las rejas como era tradicional todas las noches, iba afilando uno a uno a la nueva cofradía (en una noche inscribió a 19 hombres); corría por aquel entonces el año 1948.</p>
<p>Todos esos esfuerzos y entusiasmos permitieron celebrar con toda solemnidad una procesión por las calles engalanadas con colchas y cortinas para dar esplendor a un acontecimiento tan cargado de emoción religiosa y devoción. Era el año 1949.</p>
<p>Además de procesionar con sus imágenes, las hermandades son partícipes en todos los actos programados para la Semana Santa, comenzando con la víspera del Domingo de Ramos asistiendo a la Santa Misa, seguida del pregón de Semana Santa y del concierto que realiza la Asociación Musical Nuestra Señora del Rosario.</p>
<p>Continúan su participación en la Misa de la Cena del Señor, en la que seis hermanos del Santo Niño del Remedio y otros seis del Santísimo Sacramento representan a los dos apóstoles en el lavatorio de los pies.</p>
<p>Tras la procesión del Perdón, la Cofradía del Santísimo -nazarenos y San Juan- velan junto a las hermanas de María y el resto de fieles, el Santo Sagrario.</p>
<p>Por otra parte, en Viernes Santo se realizan los Santos Oficios, donde el Crucificado es expuesto para ser besado y adorado por el pueblo que llora su muerte.</p>
<p>En la Vigilia Pascual, la Cofradía del Santísimo Sacramento, la Hermandad del Santo Niño del Remedio y la Hermandad de la Virgen del Rosario, esperan el gran momento de la Resurrección de Nuestro Señor Jesucristo y su encuentro con su madre.</p>
<p>Su participación finaliza en la procesión de la Virgen del Rosario y de Jesús Resucitado, cantando el Santo Rosario por las calles de El Provencio.</p>

<div class="mh-excerpt"><p>En el libro de actas de la Hermandad del Santo Niño del Remedio (1949) se recogen las diferentes actividades que se han venido realizando en <a class="mh-excerpt-more" href="https://www.elprovencio.com/turismo/hermandad-del-santo-nino-del-remedio/" title="Hermandad del Santo Niño del Remedio">[&#8230;]</a></p>
</div>

En el libro de actas de la Hermandad del Santo Niño del Remedio (1949) se recogen las diferentes actividades que se han venido realizando en [...]
