{"id":576,"date":"2024-04-08T17:21:32","date_gmt":"2024-04-08T15:21:32","guid":{"rendered":"https:\/\/www.elprovencio.com\/turismo\/?page_id=576"},"modified":"2024-04-08T18:20:53","modified_gmt":"2024-04-08T16:20:53","slug":"cofradia-del-santisimo-sacramento","status":"publish","type":"page","link":"https:\/\/www.elprovencio.com\/turismo\/cofradia-del-santisimo-sacramento\/","title":{"rendered":"Cofrad\u00eda del Sant\u00edsimo Sacramento"},"content":{"rendered":"<p>En el archivo parroquial de El Provencio podemos encontrar un libro de la Cofrad\u00eda del Sant\u00edsimo Sacramento que se compr\u00f3 en el a\u00f1o 1717, siendo mayordomo el licenciado Juan Garc\u00eda Carrasco, presb\u00edtero, y Bartolom\u00e9 de Grimaldos Haro, vecino de esta villa. Por todo ello, consideramos que dicha cofrad\u00eda data del a\u00f1o mencionado.<\/p>\n<p>No existe m\u00e1s documentaci\u00f3n que esta ya que, seg\u00fan consta en el libro de actas con fecha 9 de junio de 1939, d\u00eda en que se re\u00fanen la mayor\u00eda de los antiguos hermanos para reorganizar la cofrad\u00eda, toda la documentaci\u00f3n existente fue destruida durante la guerra civil, as\u00ed como los fondos de los que la cofrad\u00eda dispon\u00eda.<\/p>\n<p>La cofrad\u00eda la compon\u00edan 33 hermanos m\u00e1s el mandadero, que era la persona encargada de llevar el estandarte a los entierros de los cofrades fallecidos y en las procesiones. El mandadero siempre era el \u00faltimo de la lista. No pod\u00eda ingresar nadie m\u00e1s a no ser que falleciese alguno de ellos o se diesen de baja por diversos motivos, entre otros, por no cumplir con las obligaciones de cofrade. Ten\u00edan preferencia para entrar los hijos de los fallecidos. Si el cofrade fallecido no dejaba sucesor, el puesto se declaraba libre y podr\u00eda solicitarlo cualquier ciudadano, hijo del pueblo, que tuviera buenos antecedentes.<\/p>\n<p>Cuando un miembro de la cofrad\u00eda fallec\u00eda, era obligatorio que los dem\u00e1s miembros de la misma acudiesen al entierro portando velas. El que faltaba por primera vez era sancionado con una multa. Si se faltaba por segunda vez, autom\u00e1ticamente era expulsado de la cofrad\u00eda.<\/p>\n<p>Hemos de se\u00f1alar que los cofrades eran hombres, pues no se admit\u00edan mujeres en la cofrad\u00eda. A partir de noviembre de 1955, se admiten en la cofrad\u00eda a nuevos hermanos, con la condici\u00f3n de que deben vestir la t\u00fanica de San Juan. Ten\u00edan los mismos derechos, pero no ten\u00edan ni voz ni voto en las juntas generales.<\/p>\n<p>El d\u00eda 4 de junio de 1961, la junta general acord\u00f3 que todos los que visten la t\u00fanica de San Juan deben vestir la t\u00fanica morada.<\/p>\n<p>En el a\u00f1o 1981, y previa consulta con el entonces p\u00e1rroco de la localidad, D. F\u00e9lix Lorca Urango, para que diese su conformidad, quedaron admitidas como cofrades 19\u00a0\u00abse\u00f1oras y se\u00f1oritas\u00bb (as\u00ed consta en acta) a las cuales se les encarga que cuiden el paso de la imagen de San Juan. No pod\u00edan vestir la t\u00fanica morada. En dos ocasiones, el tema de vestir las mujeres la t\u00fanica morada fue llevado a asamblea general, pero en ambas fue rechazada la propuesta, hecho que cambi\u00f3 finalmente en el a\u00f1o 1999.<\/p>\n<p>Actualmente, esta cofrad\u00eda dispone de ocho im\u00e1genes procesionales: Jes\u00fas de Nazareno, la Virgen Dolorosa, San Juan, la Ver\u00f3nica, el Cristo Yacente, Cristo Resucitado, Jes\u00fas de Medinaceli y la Cruz desnuda; las dos \u00faltimas salen en procesi\u00f3n a hombros de los ni\u00f1os. Tambi\u00e9n disponen de dos palios (uno que se saca el D\u00eda del Corpus y otro en la procesi\u00f3n del Santo Entierro), dos estandartes (uno de Semana Santa y otro para la festividad del Corpus Christi y Domingo de la Octava) y de la Custodia.<\/p>\n","protected":false},"excerpt":{"rendered":"<div class=\"mh-excerpt\"><p>En el archivo parroquial de El Provencio podemos encontrar un libro de la Cofrad\u00eda del Sant\u00edsimo Sacramento que se compr\u00f3 en el a\u00f1o 1717, siendo <a class=\"mh-excerpt-more\" href=\"https:\/\/www.elprovencio.com\/turismo\/cofradia-del-santisimo-sacramento\/\" title=\"Cofrad\u00eda del Sant\u00edsimo Sacramento\">[&#8230;]<\/a><\/p>\n<\/div>","protected":false},"author":1,"featured_media":589,"parent":0,"menu_order":0,"comment_status":"closed","ping_status":"closed","template":"template-full.php","meta":{"footnotes":""},"class_list":["post-576","page","type-page","status-publish","has-post-thumbnail","hentry"],"aioseo_notices":[],"jetpack_sharing_enabled":true,"rttpg_featured_image_url":{"full":["https:\/\/i0.wp.com\/www.elprovencio.com\/turismo\/wp-content\/uploads\/2024\/04\/Santisimo-Sacramento.jpg?fit=663%2C1024&ssl=1",663,1024,false],"landscape":["https:\/\/www.elprovencio.com\/turismo\/wp-content\/uploads\/2024\/04\/Santisimo-Sacramento.jpg",663,1024,false],"portraits":["https:\/\/www.elprovencio.com\/turismo\/wp-content\/uploads\/2024\/04\/Santisimo-Sacramento.jpg",663,1024,false],"thumbnail":["https:\/\/i0.wp.com\/www.elprovencio.com\/turismo\/wp-content\/uploads\/2024\/04\/Santisimo-Sacramento.jpg?resize=150%2C150&ssl=1",150,150,true],"medium":["https:\/\/i0.wp.com\/www.elprovencio.com\/turismo\/wp-content\/uploads\/2024\/04\/Santisimo-Sacramento.jpg?fit=194%2C300&ssl=1",194,300,true],"large":["https:\/\/i0.wp.com\/www.elprovencio.com\/turismo\/wp-content\/uploads\/2024\/04\/Santisimo-Sacramento.jpg?fit=663%2C1024&ssl=1",663,1024,true],"1536x1536":["https:\/\/i0.wp.com\/www.elprovencio.com\/turismo\/wp-content\/uploads\/2024\/04\/Santisimo-Sacramento.jpg?fit=663%2C1024&ssl=1",663,1024,true],"2048x2048":["https:\/\/i0.wp.com\/www.elprovencio.com\/turismo\/wp-content\/uploads\/2024\/04\/Santisimo-Sacramento.jpg?fit=663%2C1024&ssl=1",663,1024,true],"mh-magazine-lite-slider":["https:\/\/i0.wp.com\/www.elprovencio.com\/turismo\/wp-content\/uploads\/2024\/04\/Santisimo-Sacramento.jpg?resize=663%2C438&ssl=1",663,438,true],"mh-magazine-lite-content":["https:\/\/i0.wp.com\/www.elprovencio.com\/turismo\/wp-content\/uploads\/2024\/04\/Santisimo-Sacramento.jpg?resize=663%2C381&ssl=1",663,381,true],"mh-magazine-lite-large":["https:\/\/i0.wp.com\/www.elprovencio.com\/turismo\/wp-content\/uploads\/2024\/04\/Santisimo-Sacramento.jpg?resize=663%2C509&ssl=1",663,509,true],"mh-magazine-lite-medium":["https:\/\/i0.wp.com\/www.elprovencio.com\/turismo\/wp-content\/uploads\/2024\/04\/Santisimo-Sacramento.jpg?resize=326%2C245&ssl=1",326,245,true],"mh-magazine-lite-small":["https:\/\/i0.wp.com\/www.elprovencio.com\/turismo\/wp-content\/uploads\/2024\/04\/Santisimo-Sacramento.jpg?resize=80%2C60&ssl=1",80,60,true]},"rttpg_author":{"display_name":"Triguero","author_link":"https:\/\/www.elprovencio.com\/turismo\/author\/triguero\/"},"rttpg_comment":0,"rttpg_category":null,"rttpg_excerpt":"En el archivo parroquial de El Provencio podemos encontrar un libro de la Cofrad\u00eda del Sant\u00edsimo Sacramento que se compr\u00f3 en el a\u00f1o 1717, siendo [...]","_links":{"self":[{"href":"https:\/\/www.elprovencio.com\/turismo\/wp-json\/wp\/v2\/pages\/576","targetHints":{"allow":["GET"]}}],"collection":[{"href":"https:\/\/www.elprovencio.com\/turismo\/wp-json\/wp\/v2\/pages"}],"about":[{"href":"https:\/\/www.elprovencio.com\/turismo\/wp-json\/wp\/v2\/types\/page"}],"author":[{"embeddable":true,"href":"https:\/\/www.elprovencio.com\/turismo\/wp-json\/wp\/v2\/users\/1"}],"replies":[{"embeddable":true,"href":"https:\/\/www.elprovencio.com\/turismo\/wp-json\/wp\/v2\/comments?post=576"}],"version-history":[{"count":2,"href":"https:\/\/www.elprovencio.com\/turismo\/wp-json\/wp\/v2\/pages\/576\/revisions"}],"predecessor-version":[{"id":590,"href":"https:\/\/www.elprovencio.com\/turismo\/wp-json\/wp\/v2\/pages\/576\/revisions\/590"}],"wp:featuredmedia":[{"embeddable":true,"href":"https:\/\/www.elprovencio.com\/turismo\/wp-json\/wp\/v2\/media\/589"}],"wp:attachment":[{"href":"https:\/\/www.elprovencio.com\/turismo\/wp-json\/wp\/v2\/media?parent=576"}],"curies":[{"name":"wp","href":"https:\/\/api.w.org\/{rel}","templated":true}]}}

Cofradía del Santísimo Sacramento

<p>En el archivo parroquial de El Provencio podemos encontrar un libro de la Cofradía del Santísimo Sacramento que se compró en el año 1717, siendo mayordomo el licenciado Juan García Carrasco, presbítero, y Bartolomé de Grimaldos Haro, vecino de esta villa. Por todo ello, consideramos que dicha cofradía data del año mencionado.</p>
<p>No existe más documentación que esta ya que, según consta en el libro de actas con fecha 9 de junio de 1939, día en que se reúnen la mayoría de los antiguos hermanos para reorganizar la cofradía, toda la documentación existente fue destruida durante la guerra civil, así como los fondos de los que la cofradía disponía.</p>
<p>La cofradía la componían 33 hermanos más el mandadero, que era la persona encargada de llevar el estandarte a los entierros de los cofrades fallecidos y en las procesiones. El mandadero siempre era el último de la lista. No podía ingresar nadie más a no ser que falleciese alguno de ellos o se diesen de baja por diversos motivos, entre otros, por no cumplir con las obligaciones de cofrade. Tenían preferencia para entrar los hijos de los fallecidos. Si el cofrade fallecido no dejaba sucesor, el puesto se declaraba libre y podría solicitarlo cualquier ciudadano, hijo del pueblo, que tuviera buenos antecedentes.</p>
<p>Cuando un miembro de la cofradía fallecía, era obligatorio que los demás miembros de la misma acudiesen al entierro portando velas. El que faltaba por primera vez era sancionado con una multa. Si se faltaba por segunda vez, automáticamente era expulsado de la cofradía.</p>
<p>Hemos de señalar que los cofrades eran hombres, pues no se admitían mujeres en la cofradía. A partir de noviembre de 1955, se admiten en la cofradía a nuevos hermanos, con la condición de que deben vestir la túnica de San Juan. Tenían los mismos derechos, pero no tenían ni voz ni voto en las juntas generales.</p>
<p>El día 4 de junio de 1961, la junta general acordó que todos los que visten la túnica de San Juan deben vestir la túnica morada.</p>
<p>En el año 1981, y previa consulta con el entonces párroco de la localidad, D. Félix Lorca Urango, para que diese su conformidad, quedaron admitidas como cofrades 19 «señoras y señoritas» (así consta en acta) a las cuales se les encarga que cuiden el paso de la imagen de San Juan. No podían vestir la túnica morada. En dos ocasiones, el tema de vestir las mujeres la túnica morada fue llevado a asamblea general, pero en ambas fue rechazada la propuesta, hecho que cambió finalmente en el año 1999.</p>
<p>Actualmente, esta cofradía dispone de ocho imágenes procesionales: Jesús de Nazareno, la Virgen Dolorosa, San Juan, la Verónica, el Cristo Yacente, Cristo Resucitado, Jesús de Medinaceli y la Cruz desnuda; las dos últimas salen en procesión a hombros de los niños. También disponen de dos palios (uno que se saca el Día del Corpus y otro en la procesión del Santo Entierro), dos estandartes (uno de Semana Santa y otro para la festividad del Corpus Christi y Domingo de la Octava) y de la Custodia.</p>

<div class="mh-excerpt"><p>En el archivo parroquial de El Provencio podemos encontrar un libro de la Cofradía del Santísimo Sacramento que se compró en el año 1717, siendo <a class="mh-excerpt-more" href="https://www.elprovencio.com/turismo/cofradia-del-santisimo-sacramento/" title="Cofradía del Santísimo Sacramento">[&#8230;]</a></p>
</div>

En el archivo parroquial de El Provencio podemos encontrar un libro de la Cofradía del Santísimo Sacramento que se compró en el año 1717, siendo [...]
