{"id":73,"date":"2024-02-19T11:57:43","date_gmt":"2024-02-19T10:57:43","guid":{"rendered":"https:\/\/www.elprovencio.com\/turismo\/?page_id=73"},"modified":"2024-02-19T15:39:35","modified_gmt":"2024-02-19T14:39:35","slug":"ermita-y-paraje-de-san-isidro","status":"publish","type":"page","link":"https:\/\/www.elprovencio.com\/turismo\/ermita-y-paraje-de-san-isidro\/","title":{"rendered":"Ermita y paraje de San Isidro"},"content":{"rendered":"<p class=\"Default\">La \u00faltima ermita del pueblo, fue decidida en Junta del 8 de marzo de 1997, en la que se acuerda poner cada uno 1000 pesetas para la construcci\u00f3n. El terreno fue aportado por la Sociedad de Caza y Tiro. Al a\u00f1o siguiente con la ermita casi terminada se celebr\u00f3 la procesi\u00f3n con todo el pueblo.<\/p>\n<p><a href=\"https:\/\/i0.wp.com\/www.elprovencio.com\/wp-content\/uploads\/2015\/10\/ermita-isidro.jpg\"><img data-recalc-dims=\"1\" loading=\"lazy\" decoding=\"async\" class=\"alignnone size-large wp-image-1620\" src=\"https:\/\/i0.wp.com\/www.elprovencio.com\/wp-content\/uploads\/2015\/10\/ermita-isidro-1024x724.jpg?resize=1024%2C724\" alt=\"ermita isidro\" width=\"1024\" height=\"724\" \/><\/a><a href=\"https:\/\/i0.wp.com\/www.elprovencio.com\/wp-content\/uploads\/2015\/10\/paraje.jpg\"><img data-recalc-dims=\"1\" loading=\"lazy\" decoding=\"async\" class=\"alignnone size-large wp-image-1621\" src=\"https:\/\/i0.wp.com\/www.elprovencio.com\/wp-content\/uploads\/2015\/10\/paraje-1024x724.jpg?resize=1024%2C724\" alt=\"paraje\" width=\"1024\" height=\"724\" \/><\/a><\/p>\n","protected":false},"excerpt":{"rendered":"<div class=\"mh-excerpt\"><p>La \u00faltima ermita del pueblo, fue decidida en Junta del 8 de marzo de 1997, en la que se acuerda poner cada uno 1000 pesetas <a class=\"mh-excerpt-more\" href=\"https:\/\/www.elprovencio.com\/turismo\/ermita-y-paraje-de-san-isidro\/\" title=\"Ermita y paraje de San Isidro\">[&#8230;]<\/a><\/p>\n<\/div>","protected":false},"author":1,"featured_media":0,"parent":0,"menu_order":0,"comment_status":"closed","ping_status":"closed","template":"template-full.php","meta":{"footnotes":""},"class_list":["post-73","page","type-page","status-publish","hentry"],"aioseo_notices":[],"jetpack_sharing_enabled":true,"rttpg_featured_image_url":null,"rttpg_author":{"display_name":"Triguero","author_link":"https:\/\/www.elprovencio.com\/turismo\/author\/triguero\/"},"rttpg_comment":0,"rttpg_category":null,"rttpg_excerpt":"La \u00faltima ermita del pueblo, fue decidida en Junta del 8 de marzo de 1997, en la que se acuerda poner cada uno 1000 pesetas [...]","_links":{"self":[{"href":"https:\/\/www.elprovencio.com\/turismo\/wp-json\/wp\/v2\/pages\/73","targetHints":{"allow":["GET"]}}],"collection":[{"href":"https:\/\/www.elprovencio.com\/turismo\/wp-json\/wp\/v2\/pages"}],"about":[{"href":"https:\/\/www.elprovencio.com\/turismo\/wp-json\/wp\/v2\/types\/page"}],"author":[{"embeddable":true,"href":"https:\/\/www.elprovencio.com\/turismo\/wp-json\/wp\/v2\/users\/1"}],"replies":[{"embeddable":true,"href":"https:\/\/www.elprovencio.com\/turismo\/wp-json\/wp\/v2\/comments?post=73"}],"version-history":[{"count":0,"href":"https:\/\/www.elprovencio.com\/turismo\/wp-json\/wp\/v2\/pages\/73\/revisions"}],"wp:attachment":[{"href":"https:\/\/www.elprovencio.com\/turismo\/wp-json\/wp\/v2\/media?parent=73"}],"curies":[{"name":"wp","href":"https:\/\/api.w.org\/{rel}","templated":true}]}}

<p class="Default">La última ermita del pueblo, fue decidida en Junta del 8 de marzo de 1997, en la que se acuerda poner cada uno 1000 pesetas para la construcción. El terreno fue aportado por la Sociedad de Caza y Tiro. Al año siguiente con la ermita casi terminada se celebró la procesión con todo el pueblo.</p>
<p><a href="https://i0.wp.com/www.elprovencio.com/wp-content/uploads/2015/10/ermita-isidro.jpg"><img data-recalc-dims="1" loading="lazy" decoding="async" class="alignnone size-large wp-image-1620" src="https://i0.wp.com/www.elprovencio.com/wp-content/uploads/2015/10/ermita-isidro-1024x724.jpg?resize=1024%2C724" alt="ermita isidro" width="1024" height="724" /></a><a href="https://i0.wp.com/www.elprovencio.com/wp-content/uploads/2015/10/paraje.jpg"><img data-recalc-dims="1" loading="lazy" decoding="async" class="alignnone size-large wp-image-1621" src="https://i0.wp.com/www.elprovencio.com/wp-content/uploads/2015/10/paraje-1024x724.jpg?resize=1024%2C724" alt="paraje" width="1024" height="724" /></a></p>

<div class="mh-excerpt"><p>La última ermita del pueblo, fue decidida en Junta del 8 de marzo de 1997, en la que se acuerda poner cada uno 1000 pesetas <a class="mh-excerpt-more" href="https://www.elprovencio.com/turismo/ermita-y-paraje-de-san-isidro/" title="Ermita y paraje de San Isidro">[&#8230;]</a></p>
</div>

La última ermita del pueblo, fue decidida en Junta del 8 de marzo de 1997, en la que se acuerda poner cada uno 1000 pesetas [...]
