{"id":94,"date":"2024-02-19T12:16:23","date_gmt":"2024-02-19T11:16:23","guid":{"rendered":"https:\/\/www.elprovencio.com\/turismo\/?page_id=94"},"modified":"2025-07-30T19:30:30","modified_gmt":"2025-07-30T17:30:30","slug":"contacto","status":"publish","type":"page","link":"https:\/\/www.elprovencio.com\/turismo\/contacto\/","title":{"rendered":"Contacto"},"content":{"rendered":"<p>Para recibir informaci\u00f3n tur\u00edstica de El Provencio, podr\u00e1n dirigirse a nuestra oficina de turismo o ponerse en contacto con nosotros a trav\u00e9s del tel\u00e9fono o email.<\/p>\n<h2 class=\"contact-subtitle\">Oficinas de Turismo<\/h2>\n<p><strong>Direcci\u00f3n:\u00a0<\/strong>Avenida de la Libertad, n\u00ba 15<\/p>\n<p><strong>Horario:<\/strong><\/p>\n<ul>\n<li>De mi\u00e9rcoles a viernes de 09:00 a 13:30 y de 16:00 a 19:30.<\/li>\n<li>S\u00e1bados de 11:00 a 13:30 y 16:00 a 19:30.<\/li>\n<li>Domingos de 11:00 a 13:30.<\/li>\n<\/ul>\n<p><strong>Tel\u00e9fono: <\/strong>Alicia 617 96 78 30<\/p>\n<p><strong>E-mail:<\/strong> <a href=\"mailto:oficinadeturismo@elprovencio.com\">oficinadeturismo@elprovencio.com<\/a><\/p>\n<h2>Localizaci\u00f3n<\/h2>\n<p><iframe loading=\"lazy\" src=\"https:\/\/www.google.com\/maps\/d\/embed?mid=1Qst30kpWUvt0L72PnOdlGDb-wm8\" width=\"640\" height=\"480\" data-mce-fragment=\"1\"><\/iframe><\/p>\n<p>Estamos a 199 km de Madrid, junto a la N-301.<\/p>\n<ul>\n<li>Disponemos de autobuses de la empresa SAMAR de la l\u00ednea Madrid-San Clemente con parada en nuestra localidad.<\/li>\n<li>Adem\u00e1s el tren de la linea Madrid-Albacete se encuentra a 8 km en nuestro municipio, en la localidad de Villarrobledo. Desde la que hay servicio de taxi hasta nuestra localidad y autobuses a la 13.15 desde el hospital de Villarrobledo.<\/li>\n<\/ul>\n<p>Si quieres saber m\u00e1s de nuestro pueblo puedes ver este art\u00edculo que nos hizo rutas por Espa\u00f1a: <a href=\"https:\/\/www.rutasporespana.es\/blog\/ruta-por-provincia-de-cuenca-que-ver-en-el-provencio\/\" target=\"_blank\" rel=\"noopener\">Qu\u00e9 ver en El Provencio<\/a><\/p>\n","protected":false},"excerpt":{"rendered":"<div class=\"mh-excerpt\"><p>Para recibir informaci\u00f3n tur\u00edstica de El Provencio, podr\u00e1n dirigirse a nuestra oficina de turismo o ponerse en contacto con nosotros a trav\u00e9s del tel\u00e9fono o <a class=\"mh-excerpt-more\" href=\"https:\/\/www.elprovencio.com\/turismo\/contacto\/\" title=\"Contacto\">[&#8230;]<\/a><\/p>\n<\/div>","protected":false},"author":1,"featured_media":0,"parent":0,"menu_order":0,"comment_status":"closed","ping_status":"closed","template":"template-full.php","meta":{"footnotes":""},"class_list":["post-94","page","type-page","status-publish","hentry"],"aioseo_notices":[],"jetpack_sharing_enabled":true,"rttpg_featured_image_url":null,"rttpg_author":{"display_name":"Triguero","author_link":"https:\/\/www.elprovencio.com\/turismo\/author\/triguero\/"},"rttpg_comment":0,"rttpg_category":null,"rttpg_excerpt":"Para recibir informaci\u00f3n tur\u00edstica de El Provencio, podr\u00e1n dirigirse a nuestra oficina de turismo o ponerse en contacto con nosotros a trav\u00e9s del tel\u00e9fono o [...]","_links":{"self":[{"href":"https:\/\/www.elprovencio.com\/turismo\/wp-json\/wp\/v2\/pages\/94","targetHints":{"allow":["GET"]}}],"collection":[{"href":"https:\/\/www.elprovencio.com\/turismo\/wp-json\/wp\/v2\/pages"}],"about":[{"href":"https:\/\/www.elprovencio.com\/turismo\/wp-json\/wp\/v2\/types\/page"}],"author":[{"embeddable":true,"href":"https:\/\/www.elprovencio.com\/turismo\/wp-json\/wp\/v2\/users\/1"}],"replies":[{"embeddable":true,"href":"https:\/\/www.elprovencio.com\/turismo\/wp-json\/wp\/v2\/comments?post=94"}],"version-history":[{"count":2,"href":"https:\/\/www.elprovencio.com\/turismo\/wp-json\/wp\/v2\/pages\/94\/revisions"}],"predecessor-version":[{"id":759,"href":"https:\/\/www.elprovencio.com\/turismo\/wp-json\/wp\/v2\/pages\/94\/revisions\/759"}],"wp:attachment":[{"href":"https:\/\/www.elprovencio.com\/turismo\/wp-json\/wp\/v2\/media?parent=94"}],"curies":[{"name":"wp","href":"https:\/\/api.w.org\/{rel}","templated":true}]}}